Last updated on 2024-08-24 16:49:13 CEST.
Flavor | Version | Tinstall | Tcheck | Ttotal | Status | Flags |
---|---|---|---|---|---|---|
r-devel-linux-x86_64-debian-clang | 5.1.1 | 13.75 | 104.88 | 118.63 | NOTE | |
r-devel-linux-x86_64-debian-gcc | 5.1.1 | 9.50 | 75.78 | 85.28 | NOTE | |
r-devel-linux-x86_64-fedora-clang | 5.1.1 | 197.16 | NOTE | |||
r-devel-linux-x86_64-fedora-gcc | 5.1.1 | 199.20 | NOTE | |||
r-devel-windows-x86_64 | 5.1.1 | 15.00 | 113.00 | 128.00 | NOTE | |
r-patched-linux-x86_64 | 5.1.1 | 13.67 | 99.16 | 112.83 | NOTE | |
r-release-linux-x86_64 | 5.1.1 | 11.59 | 99.73 | 111.32 | NOTE | |
r-release-macos-arm64 | 5.1.1 | 56.00 | NOTE | |||
r-release-macos-x86_64 | 5.1.1 | 89.00 | NOTE | |||
r-release-windows-x86_64 | 5.1.1 | 16.00 | 114.00 | 130.00 | NOTE | |
r-oldrel-macos-arm64 | 5.1.1 | 60.00 | OK | |||
r-oldrel-macos-x86_64 | 5.1.1 | 100.00 | OK | |||
r-oldrel-windows-x86_64 | 5.1.1 | 19.00 | 142.00 | 161.00 | OK |
Version: 5.1.1
Check: Rd files
Result: NOTE
checkRd: (-1) tabmulti.Rd:68: Lost braces
68 | \\code{yvarlabels = list(race = "Race/ethnicity", age_yrs = "Age (years)")}.}
| ^
checkRd: (-1) tabmulti.svy.Rd:67: Lost braces
67 | \\code{yvarlabels = list(race = "Race/ethnicity", age_yrs = "Age (years)")}.}
| ^
Flavors: r-devel-linux-x86_64-debian-clang, r-devel-linux-x86_64-debian-gcc, r-devel-linux-x86_64-fedora-clang, r-devel-linux-x86_64-fedora-gcc, r-devel-windows-x86_64, r-patched-linux-x86_64, r-release-linux-x86_64, r-release-macos-arm64, r-release-macos-x86_64, r-release-windows-x86_64