Last updated on 2025-04-17 03:51:15 CEST.
Flavor | Version | Tinstall | Tcheck | Ttotal | Status | Flags |
---|---|---|---|---|---|---|
r-devel-linux-x86_64-debian-clang | 1.0.4 | 7.25 | 63.54 | 70.79 | NOTE | |
r-devel-linux-x86_64-debian-gcc | 1.0.4 | 4.68 | 45.99 | 50.67 | NOTE | |
r-devel-linux-x86_64-fedora-clang | 1.0.4 | 111.78 | NOTE | |||
r-devel-linux-x86_64-fedora-gcc | 1.0.4 | 106.32 | NOTE | |||
r-devel-windows-x86_64 | 1.0.4 | 9.00 | 89.00 | 98.00 | OK | |
r-patched-linux-x86_64 | 1.0.4 | 7.35 | 60.22 | 67.57 | NOTE | |
r-release-linux-x86_64 | 1.0.4 | 7.38 | 60.87 | 68.25 | NOTE | |
r-release-macos-arm64 | 1.0.4 | 34.00 | OK | |||
r-release-macos-x86_64 | 1.0.4 | 66.00 | OK | |||
r-release-windows-x86_64 | 1.0.4 | 9.00 | 90.00 | 99.00 | OK | |
r-oldrel-macos-arm64 | 1.0.4 | 33.00 | OK | |||
r-oldrel-macos-x86_64 | 1.0.4 | 57.00 | OK | |||
r-oldrel-windows-x86_64 | 1.0.4 | 12.00 | 105.00 | 117.00 | OK |
Version: 1.0.4
Check: for non-standard things in the check directory
Result: NOTE
Found the following files/directories:
‘test.csv’
Flavors: r-devel-linux-x86_64-debian-clang, r-devel-linux-x86_64-debian-gcc, r-devel-linux-x86_64-fedora-clang, r-devel-linux-x86_64-fedora-gcc, r-patched-linux-x86_64, r-release-linux-x86_64