Last updated on 2025-05-01 01:49:49 CEST.
Flavor | Version | Tinstall | Tcheck | Ttotal | Status | Flags |
---|---|---|---|---|---|---|
r-devel-linux-x86_64-debian-clang | 2.1.0 | 37.19 | 49.17 | 86.36 | NOTE | |
r-devel-linux-x86_64-debian-gcc | 2.1.0 | 25.47 | 32.99 | 58.46 | OK | |
r-devel-linux-x86_64-fedora-clang | 2.1.0 | 158.87 | OK | |||
r-devel-linux-x86_64-fedora-gcc | 2.1.0 | 148.81 | OK | |||
r-devel-windows-x86_64 | 2.1.0 | 44.00 | 93.00 | 137.00 | OK | |
r-patched-linux-x86_64 | 2.1.0 | 38.30 | 44.85 | 83.15 | OK | |
r-release-linux-x86_64 | 2.1.0 | 39.70 | 44.36 | 84.06 | OK | |
r-release-macos-arm64 | 2.1.0 | 42.00 | OK | |||
r-release-macos-x86_64 | 2.1.0 | 83.00 | OK | |||
r-release-windows-x86_64 | 2.1.0 | 45.00 | 96.00 | 141.00 | OK | |
r-oldrel-macos-arm64 | 2.1.0 | 43.00 | OK | |||
r-oldrel-macos-x86_64 | 2.1.0 | 86.00 | OK | |||
r-oldrel-windows-x86_64 | 2.1.0 | 49.00 | 103.00 | 152.00 | OK |
Version: 2.1.0
Check: examples
Result: NOTE
Examples with CPU (user + system) or elapsed time > 5s
user system elapsed
Rcpp_modelobject-class 6.533 0.000 7.223
multipleSyn 6.366 0.015 7.283
summary.synMicro_object 3.877 0.000 5.359
Flavor: r-devel-linux-x86_64-debian-clang