Last updated on 2024-07-02 01:57:24 CEST.
Flavor | Version | Tinstall | Tcheck | Ttotal | Status | Flags |
---|---|---|---|---|---|---|
r-devel-linux-x86_64-debian-clang | 1.1.2 | 103.19 | 70.69 | 173.88 | OK | |
r-devel-linux-x86_64-debian-gcc | 1.1.2 | 74.10 | 50.28 | 124.38 | OK | |
r-devel-linux-x86_64-fedora-clang | 1.1.2 | 220.27 | OK | |||
r-devel-linux-x86_64-fedora-gcc | 1.1.2 | 243.65 | OK | |||
r-devel-windows-x86_64 | 1.1.2 | 73.00 | 96.00 | 169.00 | OK | |
r-patched-linux-x86_64 | 1.1.2 | 77.63 | 67.12 | 144.75 | OK | |
r-release-linux-x86_64 | 1.1.2 | 86.62 | 66.66 | 153.28 | OK | |
r-release-macos-arm64 | 1.1.2 | 48.00 | NOTE | |||
r-release-macos-x86_64 | 1.1.2 | 59.00 | NOTE | |||
r-release-windows-x86_64 | 1.1.2 | 76.00 | 99.00 | 175.00 | OK | |
r-oldrel-macos-arm64 | 1.1.2 | 50.00 | NOTE | |||
r-oldrel-macos-x86_64 | 1.1.2 | 103.00 | NOTE | |||
r-oldrel-windows-x86_64 | 1.1.2 | 96.00 | 116.00 | 212.00 | OK |
Version: 1.1.2
Check: installed package size
Result: NOTE
installed size is 5.7Mb
sub-directories of 1Mb or more:
libs 5.0Mb
Flavors: r-release-macos-arm64, r-release-macos-x86_64, r-oldrel-macos-arm64, r-oldrel-macos-x86_64