Last updated on 2024-06-29 11:49:25 CEST.
Flavor | Version | Tinstall | Tcheck | Ttotal | Status | Flags |
---|---|---|---|---|---|---|
r-devel-linux-x86_64-debian-clang | 0.2.5 | 15.49 | 294.12 | 309.61 | OK | |
r-devel-linux-x86_64-debian-gcc | 0.2.5 | 11.69 | 216.66 | 228.35 | OK | |
r-devel-linux-x86_64-fedora-clang | 0.2.5 | 397.43 | NOTE | |||
r-devel-linux-x86_64-fedora-gcc | 0.2.5 | 349.30 | NOTE | |||
r-devel-windows-x86_64 | 0.2.5 | 18.00 | 206.00 | 224.00 | OK | |
r-patched-linux-x86_64 | 0.2.5 | 22.04 | 283.88 | 305.92 | OK | |
r-release-linux-x86_64 | 0.2.5 | 13.99 | 279.16 | 293.15 | OK | |
r-release-macos-arm64 | 0.2.5 | 101.00 | OK | |||
r-release-macos-x86_64 | 0.2.5 | 150.00 | OK | |||
r-release-windows-x86_64 | 0.2.5 | 18.00 | 208.00 | 226.00 | OK | |
r-oldrel-macos-arm64 | 0.2.5 | 93.00 | OK | |||
r-oldrel-macos-x86_64 | 0.2.5 | 250.00 | OK | |||
r-oldrel-windows-x86_64 | 0.2.5 | 23.00 | 258.00 | 281.00 | OK |
Version: 0.2.5
Check: dependencies in R code
Result: NOTE
Namespaces in Imports field not imported from:
‘lubridate’ ‘tidyquant’ ‘tidyr’ ‘tidyverse’
All declared Imports should be used.
Flavors: r-devel-linux-x86_64-fedora-clang, r-devel-linux-x86_64-fedora-gcc