CRAN Package Check Results for Package swagger

Last updated on 2025-05-22 03:50:53 CEST.

Flavor Version Tinstall Tcheck Ttotal Status Flags
r-devel-linux-x86_64-debian-clang 5.17.14.1 2.11 18.06 20.17 OK
r-devel-linux-x86_64-debian-gcc 5.17.14.1 1.65 14.85 16.50 OK
r-devel-linux-x86_64-fedora-clang 5.17.14.1 31.87 OK
r-devel-linux-x86_64-fedora-gcc 5.17.14.1 30.20 OK
r-devel-windows-x86_64 5.17.14.1 4.00 51.00 55.00 OK
r-patched-linux-x86_64 5.17.14.1 2.03 17.61 19.64 OK
r-release-linux-x86_64 5.17.14.1 2.12 17.55 19.67 OK
r-release-macos-arm64 5.17.14.1 25.00 OK
r-release-macos-x86_64 5.17.14.1 26.00 OK
r-release-windows-x86_64 5.17.14.1 4.00 59.00 63.00 OK
r-oldrel-macos-arm64 5.17.14.1 19.00 NOTE
r-oldrel-macos-x86_64 5.17.14.1 54.00 NOTE
r-oldrel-windows-x86_64 5.17.14.1 4.00 45.00 49.00 NOTE

Check Details

Version: 5.17.14.1
Check: installed package size
Result: NOTE installed size is 6.2Mb sub-directories of 1Mb or more: dist3 2.0Mb dist4 1.7Mb dist5 2.1Mb Flavors: r-oldrel-macos-arm64, r-oldrel-macos-x86_64, r-oldrel-windows-x86_64