CRAN Package Check Results for Package swa

Last updated on 2025-04-30 01:50:39 CEST.

Flavor Version Tinstall Tcheck Ttotal Status Flags
r-devel-linux-x86_64-debian-clang 0.8.1 5.71 49.97 55.68 NOTE
r-devel-linux-x86_64-debian-gcc 0.8.1 4.05 36.14 40.19 NOTE
r-devel-linux-x86_64-fedora-clang 0.8.1 79.50 OK
r-devel-linux-x86_64-fedora-gcc 0.8.1 74.46 OK
r-devel-windows-x86_64 0.8.1 7.00 73.00 80.00 OK
r-patched-linux-x86_64 0.8.1 4.90 46.73 51.63 OK
r-release-linux-x86_64 0.8.1 4.75 47.67 52.42 OK
r-release-macos-arm64 0.8.1 28.00 OK
r-release-macos-x86_64 0.8.1 48.00 OK
r-release-windows-x86_64 0.8.1 7.00 70.00 77.00 OK
r-oldrel-macos-arm64 0.8.1 26.00 NOTE
r-oldrel-macos-x86_64 0.8.1 39.00 NOTE
r-oldrel-windows-x86_64 0.8.1 8.00 79.00 87.00 NOTE

Check Details

Version: 0.8.1
Check: CRAN incoming feasibility
Result: NOTE Maintainer: ‘Xingye Qiao <qiao@math.binghamton.edu>’ Found the following \keyword or \concept entries which likely give several index terms: File ‘swa.Rd’: \keyword{classification,} \keyword{selection,} Flavors: r-devel-linux-x86_64-debian-clang, r-devel-linux-x86_64-debian-gcc

Version: 0.8.1
Check: LazyData
Result: NOTE 'LazyData' is specified without a 'data' directory Flavors: r-oldrel-macos-arm64, r-oldrel-macos-x86_64, r-oldrel-windows-x86_64