Last updated on 2024-06-29 11:49:25 CEST.
Flavor | Version | Tinstall | Tcheck | Ttotal | Status | Flags |
---|---|---|---|---|---|---|
r-devel-linux-x86_64-debian-clang | 3.1.1 | 8.65 | 87.58 | 96.23 | OK | |
r-devel-linux-x86_64-debian-gcc | 3.1.1 | 8.00 | 63.44 | 71.44 | OK | |
r-devel-linux-x86_64-fedora-clang | 3.1.1 | 120.99 | OK | |||
r-devel-linux-x86_64-fedora-gcc | 3.1.1 | 112.04 | OK | |||
r-devel-windows-x86_64 | 3.1.1 | 8.00 | 90.00 | 98.00 | OK | |
r-patched-linux-x86_64 | 3.1.1 | 6.81 | 79.39 | 86.20 | OK | |
r-release-linux-x86_64 | 3.0.0 | 9.32 | 80.77 | 90.09 | NOTE | |
r-release-macos-arm64 | 3.1.1 | 36.00 | OK | |||
r-release-macos-x86_64 | 3.1.1 | 102.00 | OK | |||
r-release-windows-x86_64 | 3.1.1 | 10.00 | 92.00 | 102.00 | OK | |
r-oldrel-macos-arm64 | 3.1.1 | 44.00 | OK | |||
r-oldrel-macos-x86_64 | 3.1.1 | 94.00 | OK | |||
r-oldrel-windows-x86_64 | 3.1.1 | 9.00 | 106.00 | 115.00 | OK |
Version: 3.0.0
Check: Rd files
Result: NOTE
checkRd: (-1) InvT_Eng.txt.Rd:10: Lost braces in \itemize; meant \describe ?
checkRd: (-1) InvT_Eng.txt.Rd:11: Lost braces in \itemize; meant \describe ?
checkRd: (-1) InvT_Fra.txt.Rd:10: Lost braces in \itemize; meant \describe ?
checkRd: (-1) InvT_Fra.txt.Rd:11: Lost braces in \itemize; meant \describe ?
checkRd: (-1) SndT_Eng.txt.Rd:10: Lost braces in \itemize; meant \describe ?
checkRd: (-1) SndT_Eng.txt.Rd:11: Lost braces in \itemize; meant \describe ?
checkRd: (-1) SndT_Fra.txt.Rd:10: Lost braces in \itemize; meant \describe ?
checkRd: (-1) SndT_Fra.txt.Rd:11: Lost braces in \itemize; meant \describe ?
checkRd: (-1) svs-package.Rd:18: Lost braces in \itemize; meant \describe ?
checkRd: (-1) svs-package.Rd:19: Lost braces in \itemize; meant \describe ?
checkRd: (-1) svs-package.Rd:20: Lost braces in \itemize; meant \describe ?
checkRd: (-1) svs-package.Rd:21: Lost braces in \itemize; meant \describe ?
checkRd: (-1) svs-package.Rd:22: Lost braces in \itemize; meant \describe ?
checkRd: (-1) svs-package.Rd:23: Lost braces in \itemize; meant \describe ?
checkRd: (-1) svs-package.Rd:24: Lost braces in \itemize; meant \describe ?
checkRd: (-1) svs-package.Rd:28: Lost braces in \itemize; meant \describe ?
checkRd: (-1) svs-package.Rd:29: Lost braces in \itemize; meant \describe ?
checkRd: (-1) svs-package.Rd:30: Lost braces in \itemize; meant \describe ?
checkRd: (-1) svs-package.Rd:31: Lost braces in \itemize; meant \describe ?
checkRd: (-1) svs-package.Rd:32: Lost braces in \itemize; meant \describe ?
checkRd: (-1) svs-package.Rd:33: Lost braces in \itemize; meant \describe ?
checkRd: (-1) svs-package.Rd:34: Lost braces in \itemize; meant \describe ?
checkRd: (-1) svs-package.Rd:35: Lost braces in \itemize; meant \describe ?
checkRd: (-1) svs-package.Rd:36: Lost braces in \itemize; meant \describe ?
checkRd: (-1) svs-package.Rd:37: Lost braces in \itemize; meant \describe ?
checkRd: (-1) svs-package.Rd:44: Lost braces in \itemize; meant \describe ?
checkRd: (-1) svs-package.Rd:45: Lost braces in \itemize; meant \describe ?
checkRd: (-1) svs-package.Rd:46: Lost braces in \itemize; meant \describe ?
checkRd: (-1) svs-package.Rd:47: Lost braces in \itemize; meant \describe ?
checkRd: (-1) svs-package.Rd:52: Lost braces in \itemize; meant \describe ?
checkRd: (-1) svs-package.Rd:53: Lost braces in \itemize; meant \describe ?
checkRd: (-1) svs-package.Rd:58: Lost braces in \itemize; meant \describe ?
checkRd: (-1) svs-package.Rd:59: Lost braces in \itemize; meant \describe ?
checkRd: (-1) svs-package.Rd:64: Lost braces in \itemize; meant \describe ?
checkRd: (-1) svs-package.Rd:69: Lost braces in \itemize; meant \describe ?
checkRd: (-1) svs-package.Rd:70: Lost braces in \itemize; meant \describe ?
checkRd: (-1) svs-package.Rd:71: Lost braces in \itemize; meant \describe ?
checkRd: (-1) svs-package.Rd:72: Lost braces in \itemize; meant \describe ?
checkRd: (-1) svs-package.Rd:73: Lost braces in \itemize; meant \describe ?
checkRd: (-1) svs-package.Rd:74: Lost braces in \itemize; meant \describe ?
checkRd: (-1) svs-package.Rd:75: Lost braces in \itemize; meant \describe ?
checkRd: (-1) weighting_functions.Rd:55: Lost braces in \itemize; meant \describe ?
checkRd: (-1) weighting_functions.Rd:56: Lost braces in \itemize; meant \describe ?
checkRd: (-1) weighting_functions.Rd:57: Lost braces in \itemize; meant \describe ?
checkRd: (-1) weighting_functions.Rd:58: Lost braces in \itemize; meant \describe ?
checkRd: (-1) weighting_functions.Rd:64: Lost braces in \itemize; meant \describe ?
checkRd: (-1) weighting_functions.Rd:65: Lost braces in \itemize; meant \describe ?
checkRd: (-1) weighting_functions.Rd:66: Lost braces in \itemize; meant \describe ?
checkRd: (-1) weighting_functions.Rd:67: Lost braces in \itemize; meant \describe ?
checkRd: (-1) weighting_functions.Rd:68: Lost braces in \itemize; meant \describe ?
checkRd: (-1) weighting_functions.Rd:69: Lost braces in \itemize; meant \describe ?
checkRd: (-1) weighting_functions.Rd:70: Lost braces in \itemize; meant \describe ?
Flavor: r-release-linux-x86_64
Version: 3.0.0
Check: LazyData
Result: NOTE
'LazyData' is specified without a 'data' directory
Flavor: r-release-linux-x86_64