CRAN Package Check Results for Package svrpath

Last updated on 2025-07-21 08:50:19 CEST.

Flavor Version Tinstall Tcheck Ttotal Status Flags
r-devel-linux-x86_64-debian-clang 0.1.2 4.86 40.65 45.51 OK
r-devel-linux-x86_64-debian-gcc 0.1.2 4.25 30.24 34.49 OK
r-devel-linux-x86_64-fedora-clang 0.1.2 70.25 OK
r-devel-linux-x86_64-fedora-gcc 0.1.2 65.84 OK
r-devel-windows-x86_64 0.1.2 6.00 56.00 62.00 OK
r-patched-linux-x86_64 0.1.2 5.18 38.65 43.83 OK
r-release-linux-x86_64 0.1.2 5.27 38.48 43.75 OK
r-release-macos-arm64 0.1.2 23.00 OK
r-release-macos-x86_64 0.1.2 41.00 OK
r-release-windows-x86_64 0.1.2 5.00 58.00 63.00 OK
r-oldrel-macos-arm64 0.1.2 22.00 NOTE
r-oldrel-macos-x86_64 0.1.2 33.00 NOTE
r-oldrel-windows-x86_64 0.1.2 5.00 54.00 59.00 NOTE

Additional issues

donttest

Check Details

Version: 0.1.2
Check: LazyData
Result: NOTE 'LazyData' is specified without a 'data' directory Flavors: r-oldrel-macos-arm64, r-oldrel-macos-x86_64, r-oldrel-windows-x86_64