CRAN Package Check Results for Package svmpath

Last updated on 2025-07-19 19:50:03 CEST.

Flavor Version Tinstall Tcheck Ttotal Status Flags
r-devel-linux-x86_64-debian-clang 0.970 4.56 41.65 46.21 NOTE
r-devel-linux-x86_64-debian-gcc 0.970 3.71 30.87 34.58 NOTE
r-devel-linux-x86_64-fedora-clang 0.970 70.32 OK
r-devel-linux-x86_64-fedora-gcc 0.970 65.41 OK
r-devel-windows-x86_64 0.970 5.00 57.00 62.00 OK
r-patched-linux-x86_64 0.970 4.67 39.70 44.37 OK
r-release-linux-x86_64 0.970 4.41 39.59 44.00 OK
r-release-macos-arm64 0.970 25.00 OK
r-release-macos-x86_64 0.970 43.00 OK
r-release-windows-x86_64 0.970 5.00 61.00 66.00 OK
r-oldrel-macos-arm64 0.970 23.00 OK
r-oldrel-macos-x86_64 0.970 36.00 OK
r-oldrel-windows-x86_64 0.970 5.00 56.00 61.00 OK

Check Details

Version: 0.970
Check: CRAN incoming feasibility
Result: NOTE Maintainer: ‘Trevor Hastie <hastie@stanford.edu>’ No Authors@R field in DESCRIPTION. Please add one, modifying Authors@R: person(given = "Trevor", family = "Hastie", role = c("aut", "cre"), email = "hastie@stanford.edu") as necessary. Flavors: r-devel-linux-x86_64-debian-clang, r-devel-linux-x86_64-debian-gcc