Last updated on 2024-07-22 20:55:56 CEST.
Flavor | Version | Tinstall | Tcheck | Ttotal | Status | Flags |
---|---|---|---|---|---|---|
r-devel-linux-x86_64-debian-clang | 1.3.11 | 136.26 | 225.55 | 361.81 | OK | |
r-devel-linux-x86_64-debian-gcc | 1.3.11 | 98.56 | 165.23 | 263.79 | NOTE | |
r-devel-linux-x86_64-fedora-clang | 1.3.11 | 536.15 | OK | |||
r-devel-linux-x86_64-fedora-gcc | 1.3.11 | 509.08 | OK | |||
r-devel-windows-x86_64 | 1.3.11 | 113.00 | 205.00 | 318.00 | NOTE | |
r-patched-linux-x86_64 | 1.3.11 | 125.56 | 215.86 | 341.42 | OK | |
r-release-linux-x86_64 | 1.3.11 | 118.80 | 217.08 | 335.88 | OK | |
r-release-macos-arm64 | 1.3.11 | 118.00 | NOTE | |||
r-release-macos-x86_64 | 1.3.11 | 163.00 | NOTE | |||
r-release-windows-x86_64 | 1.3.11 | 130.00 | 205.00 | 335.00 | OK | |
r-oldrel-macos-arm64 | 1.3.11 | 149.00 | NOTE | |||
r-oldrel-macos-x86_64 | 1.3.11 | 239.00 | NOTE | |||
r-oldrel-windows-x86_64 | 1.3.11 | 159.00 | 243.00 | 402.00 | OK |
Version: 1.3.11
Check: Rd cross-references
Result: NOTE
Found the following Rd file(s) with Rd \link{} targets missing package
anchors:
stability.Rd: VAR
Please provide package anchors for all Rd \link{} targets not in the
package itself and the base packages.
Flavors: r-devel-linux-x86_64-debian-gcc, r-devel-windows-x86_64
Version: 1.3.11
Check: installed package size
Result: NOTE
installed size is 8.6Mb
sub-directories of 1Mb or more:
help 1.0Mb
libs 6.9Mb
Flavors: r-release-macos-arm64, r-release-macos-x86_64, r-oldrel-macos-arm64, r-oldrel-macos-x86_64