CRAN Package Check Results for Package superpc

Last updated on 2025-04-29 19:50:48 CEST.

Flavor Version Tinstall Tcheck Ttotal Status Flags
r-devel-linux-x86_64-debian-clang 1.12 8.48 62.63 71.11 NOTE
r-devel-linux-x86_64-debian-gcc 1.12 6.22 46.59 52.81 NOTE
r-devel-linux-x86_64-fedora-clang 1.12 112.19 OK
r-devel-linux-x86_64-fedora-gcc 1.12 105.52 OK
r-devel-windows-x86_64 1.12 8.00 155.00 163.00 OK
r-patched-linux-x86_64 1.12 6.71 59.94 66.65 OK
r-release-linux-x86_64 1.12 8.13 59.70 67.83 OK
r-release-macos-arm64 1.12 35.00 OK
r-release-macos-x86_64 1.12 58.00 OK
r-release-windows-x86_64 1.12 8.00 78.00 86.00 OK
r-oldrel-macos-arm64 1.12 33.00 OK
r-oldrel-macos-x86_64 1.12 48.00 OK
r-oldrel-windows-x86_64 1.12 11.00 87.00 98.00 OK

Check Details

Version: 1.12
Check: CRAN incoming feasibility
Result: NOTE Maintainer: ‘Jean-Eudes Dazard <jean-eudes.dazard@case.edu>’ Package CITATION file contains call(s) to old-style personList() or as.personList(). Please use c() on person objects instead. Package CITATION file contains call(s) to old-style citEntry(). Please use bibentry() instead. Flavors: r-devel-linux-x86_64-debian-clang, r-devel-linux-x86_64-debian-gcc