CRAN Package Check Results for Package supernova

Last updated on 2025-05-10 10:49:33 CEST.

Flavor Version Tinstall Tcheck Ttotal Status Flags
r-devel-linux-x86_64-debian-clang 3.0.0 4.12 88.74 92.86 NOTE
r-devel-linux-x86_64-debian-gcc 3.0.0 3.27 61.37 64.64 NOTE
r-devel-linux-x86_64-fedora-clang 3.0.0 148.68 OK
r-devel-linux-x86_64-fedora-gcc 3.0.0 162.37 NOTE
r-devel-windows-x86_64 3.0.0 8.00 131.00 139.00 NOTE
r-patched-linux-x86_64 3.0.0 5.14 80.68 85.82 NOTE
r-release-linux-x86_64 3.0.0 4.58 80.87 85.45 NOTE
r-release-macos-arm64 3.0.0 56.00 OK
r-release-macos-x86_64 3.0.0 95.00 OK
r-release-windows-x86_64 3.0.0 8.00 132.00 140.00 NOTE
r-oldrel-macos-arm64 3.0.0 46.00 OK
r-oldrel-macos-x86_64 3.0.0 68.00 OK
r-oldrel-windows-x86_64 3.0.0 10.00 166.00 176.00 OK

Check Details

Version: 3.0.0
Check: Rd cross-references
Result: NOTE Found the following Rd file(s) with Rd \link{} targets missing package anchors: level_pairs.Rd: tibble new_pairwise_tbl.Rd: tibble row_blank.Rd: tibble_row row_error.Rd: tibble_row row_term.Rd: tibble_row Please provide package anchors for all Rd \link{} targets not in the package itself and the base packages. Flavors: r-devel-linux-x86_64-debian-clang, r-devel-linux-x86_64-debian-gcc, r-devel-windows-x86_64, r-patched-linux-x86_64, r-release-linux-x86_64, r-release-windows-x86_64

Version: 3.0.0
Check: for non-standard things in the check directory
Result: NOTE Found the following files/directories: ‘JMRData’ Flavor: r-devel-linux-x86_64-fedora-gcc