Last updated on 2024-06-29 23:50:05 CEST.
Flavor | Version | Tinstall | Tcheck | Ttotal | Status | Flags |
---|---|---|---|---|---|---|
r-devel-linux-x86_64-debian-clang | 3.2.4 | 154.82 | 171.35 | 326.17 | OK | |
r-devel-linux-x86_64-debian-gcc | 3.2.4 | 111.03 | 129.68 | 240.71 | OK | |
r-devel-linux-x86_64-fedora-clang | 3.2.4 | 461.53 | OK | |||
r-devel-linux-x86_64-fedora-gcc | 3.2.4 | 474.35 | OK | |||
r-devel-windows-x86_64 | 3.2.4 | 120.00 | 225.00 | 345.00 | OK | |
r-patched-linux-x86_64 | 3.2.4 | 126.69 | 166.62 | 293.31 | OK | |
r-release-linux-x86_64 | 3.2.4 | 126.19 | 164.48 | 290.67 | OK | |
r-release-macos-arm64 | 3.2.4 | 110.00 | NOTE | |||
r-release-macos-x86_64 | 3.2.4 | 174.00 | NOTE | |||
r-release-windows-x86_64 | 3.2.4 | 117.00 | 224.00 | 341.00 | OK | |
r-oldrel-macos-arm64 | 3.2.4 | 118.00 | NOTE | |||
r-oldrel-macos-x86_64 | 3.2.4 | 247.00 | NOTE | |||
r-oldrel-windows-x86_64 | 3.2.4 | 142.00 | 242.00 | 384.00 | OK |
Version: 3.2.4
Check: installed package size
Result: NOTE
installed size is 9.2Mb
sub-directories of 1Mb or more:
doc 1.9Mb
libs 6.4Mb
Flavors: r-release-macos-arm64, r-release-macos-x86_64, r-oldrel-macos-arm64, r-oldrel-macos-x86_64