Last updated on 2025-05-23 04:51:22 CEST.
Flavor | Version | Tinstall | Tcheck | Ttotal | Status | Flags |
---|---|---|---|---|---|---|
r-devel-linux-x86_64-debian-clang | 2.1-10 | 128.97 | 274.53 | 403.50 | OK | |
r-devel-linux-x86_64-debian-gcc | 2.1-10 | 90.94 | 171.41 | 262.35 | OK | |
r-devel-linux-x86_64-fedora-clang | 2.1-10 | 780.17 | OK | |||
r-devel-linux-x86_64-fedora-gcc | 2.1-10 | 745.91 | OK | |||
r-devel-windows-x86_64 | 2.1-10 | 161.00 | 369.00 | 530.00 | OK | |
r-patched-linux-x86_64 | 2.1-10 | 127.97 | 259.33 | 387.30 | OK | |
r-release-linux-x86_64 | 2.1-10 | 130.37 | 260.20 | 390.57 | OK | |
r-release-macos-arm64 | 2.1-10 | 213.00 | OK | |||
r-release-macos-x86_64 | 2.1-10 | 351.00 | OK | |||
r-release-windows-x86_64 | 2.1-10 | 159.00 | 349.00 | 508.00 | OK | |
r-oldrel-macos-arm64 | 2.1-10 | 172.00 | NOTE | |||
r-oldrel-macos-x86_64 | 2.1-10 | 305.00 | NOTE | |||
r-oldrel-windows-x86_64 | 2.1-10 | 183.00 | 412.00 | 595.00 | OK |
Version: 2.1-10
Check: installed package size
Result: NOTE
installed size is 6.6Mb
sub-directories of 1Mb or more:
libs 5.4Mb
Flavors: r-oldrel-macos-arm64, r-oldrel-macos-x86_64