CRAN Package Check Results for Package stdvectors

Last updated on 2025-04-29 13:51:42 CEST.

Flavor Version Tinstall Tcheck Ttotal Status Flags
r-devel-linux-x86_64-debian-clang 0.0.5 14.59 24.16 38.75 NOTE
r-devel-linux-x86_64-debian-gcc 0.0.5 11.57 19.58 31.15 NOTE
r-devel-linux-x86_64-fedora-clang 0.0.5 63.67 OK
r-devel-linux-x86_64-fedora-gcc 0.0.5 63.81 OK
r-devel-windows-x86_64 0.0.5 18.00 68.00 86.00 OK
r-patched-linux-x86_64 0.0.5 15.45 22.39 37.84 OK
r-release-linux-x86_64 0.0.5 14.96 22.24 37.20 OK
r-release-macos-arm64 0.0.5 27.00 OK
r-release-macos-x86_64 0.0.5 40.00 OK
r-release-windows-x86_64 0.0.5 18.00 70.00 88.00 OK
r-oldrel-macos-arm64 0.0.5 23.00 OK
r-oldrel-macos-x86_64 0.0.5 33.00 OK
r-oldrel-windows-x86_64 0.0.5 20.00 73.00 93.00 OK

Check Details

Version: 0.0.5
Check: CRAN incoming feasibility
Result: NOTE Maintainer: ‘Marco Giuliano <mgiuliano.mail@gmail.com>’ No Authors@R field in DESCRIPTION. Please add one, modifying Authors@R: person(given = "Marco", family = "Giuliano", role = c("aut", "cre"), email = "mgiuliano.mail@gmail.com") as necessary. Flavors: r-devel-linux-x86_64-debian-clang, r-devel-linux-x86_64-debian-gcc