Last updated on 2024-06-29 11:49:25 CEST.
Flavor | Version | Tinstall | Tcheck | Ttotal | Status | Flags |
---|---|---|---|---|---|---|
r-devel-linux-x86_64-debian-clang | 0.3.2 | 11.24 | 109.06 | 120.30 | OK | |
r-devel-linux-x86_64-debian-gcc | 0.3.2 | 9.45 | 80.26 | 89.71 | OK | |
r-devel-linux-x86_64-fedora-clang | 0.3.2 | 149.68 | NOTE | |||
r-devel-linux-x86_64-fedora-gcc | 0.3.2 | 150.30 | NOTE | |||
r-devel-windows-x86_64 | 0.3.2 | 9.00 | 93.00 | 102.00 | OK | |
r-patched-linux-x86_64 | 0.3.2 | 12.40 | 102.22 | 114.62 | OK | |
r-release-linux-x86_64 | 0.3.2 | 10.14 | 101.55 | 111.69 | OK | |
r-release-macos-arm64 | 0.3.2 | 45.00 | OK | |||
r-release-macos-x86_64 | 0.3.2 | 76.00 | OK | |||
r-release-windows-x86_64 | 0.3.2 | 10.00 | 94.00 | 104.00 | OK | |
r-oldrel-macos-arm64 | 0.3.2 | 63.00 | OK | |||
r-oldrel-macos-x86_64 | 0.3.2 | 102.00 | OK | |||
r-oldrel-windows-x86_64 | 0.3.2 | 13.00 | 118.00 | 131.00 | OK |
Version: 0.3.2
Check: Rd cross-references
Result: NOTE
Undeclared package ‘fortunes’ in Rd xrefs
Flavor: r-devel-linux-x86_64-fedora-clang
Version: 0.3.2
Check: data for non-ASCII characters
Result: NOTE
Note: found 1 marked UTF-8 string
Flavors: r-devel-linux-x86_64-fedora-clang, r-devel-linux-x86_64-fedora-gcc