Last updated on 2024-06-29 11:49:25 CEST.
Flavor | Version | Tinstall | Tcheck | Ttotal | Status | Flags |
---|---|---|---|---|---|---|
r-devel-linux-x86_64-debian-clang | 1.5.0 | 6.67 | 47.28 | 53.95 | OK | |
r-devel-linux-x86_64-debian-gcc | 1.5.0 | 6.22 | 35.11 | 41.33 | OK | |
r-devel-linux-x86_64-fedora-clang | 1.5.0 | 68.81 | OK | |||
r-devel-linux-x86_64-fedora-gcc | 1.5.0 | 64.74 | OK | |||
r-devel-windows-x86_64 | 1.5.0 | 10.00 | 67.00 | 77.00 | OK | |
r-patched-linux-x86_64 | 1.5.0 | 7.88 | 45.08 | 52.96 | OK | |
r-release-linux-x86_64 | 1.5.0 | 6.74 | 45.29 | 52.03 | OK | |
r-release-macos-arm64 | 1.5.0 | 24.00 | OK | |||
r-release-macos-x86_64 | 1.5.0 | 34.00 | OK | |||
r-release-windows-x86_64 | 1.5.0 | 12.00 | 67.00 | 79.00 | OK | |
r-oldrel-macos-arm64 | 1.5.0 | 28.00 | OK | |||
r-oldrel-macos-x86_64 | 1.5.0 | 41.00 | NOTE | |||
r-oldrel-windows-x86_64 | 1.5.0 | 11.00 | 70.00 | 81.00 | OK |
Version: 1.5.0
Check: package dependencies
Result: NOTE
Package suggested but not available for checking: ‘tweedie’
Flavor: r-oldrel-macos-x86_64
Version: 1.5.0
Check: Rd cross-references
Result: NOTE
Package unavailable to check Rd xrefs: ‘tweedie’
Flavor: r-oldrel-macos-x86_64