Last updated on 2024-07-02 01:57:23 CEST.
Flavor | Version | Tinstall | Tcheck | Ttotal | Status | Flags |
---|---|---|---|---|---|---|
r-devel-linux-x86_64-debian-clang | 0.5.0 | 133.17 | 134.91 | 268.08 | OK | |
r-devel-linux-x86_64-debian-gcc | 0.5.0 | 84.32 | 123.04 | 207.36 | OK | |
r-devel-linux-x86_64-fedora-clang | 0.5.0 | 354.50 | OK | |||
r-devel-linux-x86_64-fedora-gcc | 0.5.0 | 402.14 | OK | |||
r-devel-windows-x86_64 | 0.5.0 | 96.00 | 158.00 | 254.00 | OK | |
r-patched-linux-x86_64 | 0.5.0 | 108.77 | 150.71 | 259.48 | OK | |
r-release-linux-x86_64 | 0.5.0 | 103.52 | 151.46 | 254.98 | OK | |
r-release-macos-arm64 | 0.5.0 | 97.00 | NOTE | |||
r-release-macos-x86_64 | 0.5.0 | 125.00 | NOTE | |||
r-release-windows-x86_64 | 0.5.0 | 96.00 | 153.00 | 249.00 | OK | |
r-oldrel-macos-arm64 | 0.5.0 | 111.00 | NOTE | |||
r-oldrel-macos-x86_64 | 0.5.0 | 181.00 | NOTE | |||
r-oldrel-windows-x86_64 | 0.5.0 | 115.00 | 180.00 | 295.00 | OK |
Version: 0.5.0
Check: installed package size
Result: NOTE
installed size is 6.8Mb
sub-directories of 1Mb or more:
libs 6.0Mb
Flavors: r-release-macos-arm64, r-release-macos-x86_64, r-oldrel-macos-arm64, r-oldrel-macos-x86_64