CRAN Package Check Results for Package statVisual

Last updated on 2025-05-29 12:48:50 CEST.

Flavor Version Tinstall Tcheck Ttotal Status Flags
r-devel-linux-x86_64-debian-clang 1.2.1 16.67 240.81 257.48 NOTE
r-devel-linux-x86_64-debian-gcc 1.2.1 13.29 168.20 181.49 NOTE
r-devel-linux-x86_64-fedora-clang 1.2.1 384.27 NOTE
r-devel-linux-x86_64-fedora-gcc 1.2.1 386.51 NOTE
r-devel-windows-x86_64 1.2.1 20.00 192.00 212.00 NOTE
r-patched-linux-x86_64 1.2.1 18.13 226.02 244.15 NOTE
r-release-linux-x86_64 1.2.1 16.60 229.33 245.93 NOTE
r-release-macos-arm64 1.2.1 89.00 OK
r-release-macos-x86_64 1.2.1 167.00 OK
r-release-windows-x86_64 1.2.1 21.00 186.00 207.00 NOTE
r-oldrel-macos-arm64 1.2.1 86.00 OK
r-oldrel-macos-x86_64 1.2.1 126.00 OK
r-oldrel-windows-x86_64 1.2.1 26.00 252.00 278.00 OK

Check Details

Version: 1.2.1
Check: Rd cross-references
Result: NOTE Found the following Rd file(s) with Rd \link{} targets missing package anchors: Heat.Rd: pheatmap ImpPlot.Rd: randomForest, gbm cv_glmnet_plot.Rd: glmnet esSim.Rd: lmFit Please provide package anchors for all Rd \link{} targets not in the package itself and the base packages. Flavors: r-devel-linux-x86_64-debian-clang, r-devel-linux-x86_64-debian-gcc, r-devel-windows-x86_64, r-patched-linux-x86_64, r-release-linux-x86_64, r-release-windows-x86_64

Version: 1.2.1
Check: dependencies in R code
Result: NOTE Namespaces in Imports field not imported from: ‘gbm’ ‘ggfortify’ ‘tibble’ ‘tidyverse’ All declared Imports should be used. Flavors: r-devel-linux-x86_64-fedora-clang, r-devel-linux-x86_64-fedora-gcc