Last updated on 2024-06-29 11:49:25 CEST.
Flavor | Version | Tinstall | Tcheck | Ttotal | Status | Flags |
---|---|---|---|---|---|---|
r-devel-linux-x86_64-debian-clang | 1.2.1 | 19.42 | 290.84 | 310.26 | OK | |
r-devel-linux-x86_64-debian-gcc | 1.2.1 | 16.80 | 219.45 | 236.25 | OK | |
r-devel-linux-x86_64-fedora-clang | 1.2.1 | 332.91 | NOTE | |||
r-devel-linux-x86_64-fedora-gcc | 1.2.1 | 407.82 | NOTE | |||
r-devel-windows-x86_64 | 1.2.1 | 18.00 | 181.00 | 199.00 | OK | |
r-patched-linux-x86_64 | 1.2.1 | 25.62 | 281.42 | 307.04 | OK | |
r-release-linux-x86_64 | 1.2.1 | 18.05 | 280.09 | 298.14 | OK | |
r-release-macos-arm64 | 1.2.1 | 86.00 | OK | |||
r-release-macos-x86_64 | 1.2.1 | 126.00 | OK | |||
r-release-windows-x86_64 | 1.2.1 | 18.00 | 186.00 | 204.00 | OK | |
r-oldrel-macos-arm64 | 1.2.1 | 92.00 | OK | |||
r-oldrel-macos-x86_64 | 1.2.1 | 122.00 | OK | |||
r-oldrel-windows-x86_64 | 1.2.1 | 24.00 | 223.00 | 247.00 | OK |
Version: 1.2.1
Check: package dependencies
Result: NOTE
Imports includes 23 non-default packages.
Importing from so many packages makes the package vulnerable to any of
them becoming unavailable. Move as many as possible to Suggests and
use conditionally.
Flavor: r-devel-linux-x86_64-fedora-clang
Version: 1.2.1
Check: dependencies in R code
Result: NOTE
Namespaces in Imports field not imported from:
‘gbm’ ‘ggfortify’ ‘tibble’ ‘tidyverse’
All declared Imports should be used.
Flavors: r-devel-linux-x86_64-fedora-clang, r-devel-linux-x86_64-fedora-gcc