Last updated on 2024-06-29 11:49:25 CEST.
Flavor | Version | Tinstall | Tcheck | Ttotal | Status | Flags |
---|---|---|---|---|---|---|
r-devel-linux-x86_64-debian-clang | 1.1 | 78.87 | 50.33 | 129.20 | OK | |
r-devel-linux-x86_64-debian-gcc | 1.1 | 66.60 | 45.03 | 111.63 | OK | |
r-devel-linux-x86_64-fedora-clang | 1.1 | 178.62 | NOTE | |||
r-devel-linux-x86_64-fedora-gcc | 1.1 | 210.39 | NOTE | |||
r-devel-windows-x86_64 | 1.1 | 65.00 | 76.00 | 141.00 | OK | |
r-patched-linux-x86_64 | 1.1 | 77.87 | 55.45 | 133.32 | OK | |
r-release-linux-x86_64 | 1.1 | 71.28 | 57.76 | 129.04 | OK | |
r-release-macos-arm64 | 1.1 | 50.00 | NOTE | |||
r-release-macos-x86_64 | 1.1 | 84.00 | NOTE | |||
r-release-windows-x86_64 | 1.1 | 65.00 | 77.00 | 142.00 | OK | |
r-oldrel-macos-arm64 | 1.1 | 54.00 | NOTE | |||
r-oldrel-macos-x86_64 | 1.1 | 87.00 | NOTE | |||
r-oldrel-windows-x86_64 | 1.1 | 83.00 | 100.00 | 183.00 | OK |
Version: 1.1
Check: dependencies in R code
Result: NOTE
Namespaces in Imports field not imported from:
‘reshape2’ ‘stats’
All declared Imports should be used.
Flavors: r-devel-linux-x86_64-fedora-clang, r-devel-linux-x86_64-fedora-gcc
Version: 1.1
Check: installed package size
Result: NOTE
installed size is 35.6Mb
sub-directories of 1Mb or more:
libs 35.1Mb
Flavors: r-release-macos-arm64, r-release-macos-x86_64, r-oldrel-macos-arm64, r-oldrel-macos-x86_64