Last updated on 2024-06-29 11:49:25 CEST.
Flavor | Version | Tinstall | Tcheck | Ttotal | Status | Flags |
---|---|---|---|---|---|---|
r-devel-linux-x86_64-debian-clang | 23.9.1 | 10.11 | 103.06 | 113.17 | OK | |
r-devel-linux-x86_64-debian-gcc | 23.9.1 | 6.91 | 77.60 | 84.51 | OK | |
r-devel-linux-x86_64-fedora-clang | 23.9.1 | 153.41 | NOTE | |||
r-devel-linux-x86_64-fedora-gcc | 23.9.1 | 153.09 | NOTE | |||
r-devel-windows-x86_64 | 23.9.1 | 10.00 | 99.00 | 109.00 | OK | |
r-patched-linux-x86_64 | 23.9.1 | 8.86 | 104.57 | 113.43 | OK | |
r-release-linux-x86_64 | 23.9.1 | 7.15 | 99.22 | 106.37 | OK | |
r-release-macos-arm64 | 23.9.1 | 43.00 | OK | |||
r-release-macos-x86_64 | 23.9.1 | 69.00 | OK | |||
r-release-windows-x86_64 | 23.9.1 | 11.00 | 98.00 | 109.00 | OK | |
r-oldrel-macos-arm64 | 23.9.1 | 63.00 | OK | |||
r-oldrel-macos-x86_64 | 23.9.1 | 95.00 | OK | |||
r-oldrel-windows-x86_64 | 23.9.1 | 12.00 | 123.00 | 135.00 | OK |
Version: 23.9.1
Check: data for non-ASCII characters
Result: NOTE
Note: found 705 marked UTF-8 strings
Flavors: r-devel-linux-x86_64-fedora-clang, r-devel-linux-x86_64-fedora-gcc