CRAN Package Check Results for Package ssym

Last updated on 2025-07-24 12:51:40 CEST.

Flavor Version Tinstall Tcheck Ttotal Status Flags
r-devel-linux-x86_64-debian-clang 1.5.8 15.12 83.40 98.52 NOTE
r-devel-linux-x86_64-debian-gcc 1.5.8 8.70 59.65 68.35 NOTE
r-devel-linux-x86_64-fedora-clang 1.5.8 146.46 OK
r-devel-linux-x86_64-fedora-gcc 1.5.8 141.34 OK
r-devel-windows-x86_64 1.5.8 14.00 97.00 111.00 OK
r-patched-linux-x86_64 1.5.8 15.69 79.16 94.85 OK
r-release-linux-x86_64 1.5.8 13.75 79.36 93.11 OK
r-release-macos-arm64 1.5.8 44.00 OK
r-release-macos-x86_64 1.5.8 100.00 OK
r-release-windows-x86_64 1.5.8 15.00 101.00 116.00 OK
r-oldrel-macos-arm64 1.5.8 41.00 OK
r-oldrel-macos-x86_64 1.5.8 85.00 OK
r-oldrel-windows-x86_64 1.5.8 21.00 113.00 134.00 OK

Check Details

Version: 1.5.8
Check: CRAN incoming feasibility
Result: NOTE Maintainer: ‘Luis Hernando Vanegas <hvanegasp@gmail.com>’ No Authors@R field in DESCRIPTION. Please add one, modifying Authors@R: c(person(given = c("Luis", "Hernando"), family = "Vanegas", role = c("aut", "cre"), email = "hvanegasp@gmail.com"), person(given = c("Gilberto", "A."), family = "Paula", role = "aut")) as necessary. Flavors: r-devel-linux-x86_64-debian-clang, r-devel-linux-x86_64-debian-gcc