Last updated on 2024-06-29 23:50:05 CEST.
Flavor | Version | Tinstall | Tcheck | Ttotal | Status | Flags |
---|---|---|---|---|---|---|
r-devel-linux-x86_64-debian-clang | 1.0.3 | 19.09 | 187.54 | 206.63 | OK | |
r-devel-linux-x86_64-debian-gcc | 1.0.3 | 16.84 | 133.15 | 149.99 | OK | |
r-devel-linux-x86_64-fedora-clang | 1.0.3 | 259.03 | NOTE | |||
r-devel-linux-x86_64-fedora-gcc | 1.0.3 | 249.25 | OK | |||
r-devel-windows-x86_64 | 1.0.3 | 17.00 | 157.00 | 174.00 | OK | |
r-patched-linux-x86_64 | 1.0.3 | 19.19 | 177.65 | 196.84 | OK | |
r-release-linux-x86_64 | 1.0.3 | 21.51 | 172.74 | 194.25 | OK | |
r-release-macos-arm64 | 1.0.3 | 76.00 | OK | |||
r-release-macos-x86_64 | 1.0.3 | 113.00 | OK | |||
r-release-windows-x86_64 | 1.0.3 | 19.00 | 157.00 | 176.00 | OK | |
r-oldrel-macos-arm64 | 1.0.3 | 85.00 | OK | |||
r-oldrel-macos-x86_64 | 1.0.3 | 126.00 | OK | |||
r-oldrel-windows-x86_64 | 1.0.3 | 23.00 | 204.00 | 227.00 | OK |
Version: 1.0.3
Check: Rd cross-references
Result: NOTE
Undeclared package ‘plyr’ in Rd xrefs
Flavor: r-devel-linux-x86_64-fedora-clang