CRAN Package Check Results for Package sqliteutils

Last updated on 2025-07-24 18:54:06 CEST.

Flavor Version Tinstall Tcheck Ttotal Status Flags
r-devel-linux-x86_64-debian-clang 0.1.0 1.20 22.51 23.71 OK
r-devel-linux-x86_64-debian-gcc 0.1.0 1.10 18.44 19.54 OK
r-devel-linux-x86_64-fedora-clang 0.1.0 37.43 NOTE
r-devel-linux-x86_64-fedora-gcc 0.1.0 38.35 NOTE
r-devel-windows-x86_64 0.1.0 3.00 41.00 44.00 OK
r-patched-linux-x86_64 0.1.0 1.56 20.36 21.92 OK
r-release-linux-x86_64 0.1.0 1.49 20.23 21.72 OK
r-release-macos-arm64 0.1.0 17.00 OK
r-release-macos-x86_64 0.1.0 26.00 OK
r-release-windows-x86_64 0.1.0 3.00 47.00 50.00 OK
r-oldrel-macos-arm64 0.1.0 16.00 OK
r-oldrel-macos-x86_64 0.1.0 25.00 OK
r-oldrel-windows-x86_64 0.1.0 4.00 47.00 51.00 OK

Check Details

Version: 0.1.0
Check: dependencies in R code
Result: NOTE Namespaces in Imports field not imported from: ‘DBI’ ‘RSQLite’ ‘dbplyr’ ‘dplyr’ All declared Imports should be used. Flavors: r-devel-linux-x86_64-fedora-clang, r-devel-linux-x86_64-fedora-gcc