Last updated on 2024-06-29 11:49:25 CEST.
Flavor | Version | Tinstall | Tcheck | Ttotal | Status | Flags |
---|---|---|---|---|---|---|
r-devel-linux-x86_64-debian-clang | 0.8.2 | 38.14 | 188.29 | 226.43 | NOTE | |
r-devel-linux-x86_64-debian-gcc | 0.8.2 | 23.87 | 140.03 | 163.90 | NOTE | |
r-devel-linux-x86_64-fedora-clang | 0.8.2 | 291.73 | NOTE | |||
r-devel-linux-x86_64-fedora-gcc | 0.8.2 | 300.49 | NOTE | |||
r-devel-windows-x86_64 | 0.8.2 | 29.00 | 161.00 | 190.00 | NOTE | |
r-patched-linux-x86_64 | 0.8.2 | 29.60 | 180.61 | 210.21 | NOTE | |
r-release-linux-x86_64 | 0.8.2 | 21.15 | 183.72 | 204.87 | NOTE | |
r-release-macos-arm64 | 0.8.2 | 87.00 | NOTE | |||
r-release-macos-x86_64 | 0.8.2 | 124.00 | NOTE | |||
r-release-windows-x86_64 | 0.8.2 | 30.00 | 157.00 | 187.00 | NOTE | |
r-oldrel-macos-arm64 | 0.8.2 | 83.00 | OK | |||
r-oldrel-macos-x86_64 | 0.8.2 | 142.00 | OK | |||
r-oldrel-windows-x86_64 | 0.8.2 | 37.00 | 198.00 | 235.00 | OK |
Version: 0.8.2
Check: Rd files
Result: NOTE
checkRd: (-1) speedtestdata.Rd:18: Lost braces in \itemize; meant \describe ?
checkRd: (-1) speedtestdata.Rd:19: Lost braces in \itemize; meant \describe ?
checkRd: (-1) speedtestdata.Rd:20: Lost braces in \itemize; meant \describe ?
checkRd: (-1) speedtestdata.Rd:21: Lost braces in \itemize; meant \describe ?
checkRd: (-1) speedtestdata.Rd:22: Lost braces in \itemize; meant \describe ?
checkRd: (-1) speedtestdata.Rd:23: Lost braces in \itemize; meant \describe ?
Flavors: r-devel-linux-x86_64-debian-clang, r-devel-linux-x86_64-debian-gcc, r-devel-linux-x86_64-fedora-clang, r-devel-linux-x86_64-fedora-gcc, r-devel-windows-x86_64, r-patched-linux-x86_64, r-release-linux-x86_64, r-release-macos-arm64, r-release-macos-x86_64, r-release-windows-x86_64