CRAN Package Check Results for Package sphet

Last updated on 2025-05-01 14:49:23 CEST.

Flavor Version Tinstall Tcheck Ttotal Status Flags
r-devel-linux-x86_64-debian-clang 2.1-1 19.44 148.21 167.65 NOTE
r-devel-linux-x86_64-debian-gcc 2.1-1 10.48 106.23 116.71 OK
r-devel-linux-x86_64-fedora-clang 2.1-1 279.10 OK
r-devel-linux-x86_64-fedora-gcc 2.1-1 291.68 OK
r-devel-windows-x86_64 2.1-1 18.00 171.00 189.00 OK
r-patched-linux-x86_64 2.1-1 17.83 145.68 163.51 OK
r-release-linux-x86_64 OK
r-release-macos-arm64 2.1-1 84.00 OK
r-release-macos-x86_64 2.1-1 191.00 OK
r-release-windows-x86_64 2.1-1 18.00 179.00 197.00 OK
r-oldrel-macos-arm64 2.1-1 76.00 OK
r-oldrel-macos-x86_64 2.1-1 165.00 OK
r-oldrel-windows-x86_64 2.1-1 23.00 200.00 223.00 OK

Check Details

Version: 2.1-1
Check: examples
Result: NOTE Examples with CPU (user + system) or elapsed time > 5s user system elapsed impacts.gstsls 7.329 0.271 11.528 Flavor: r-devel-linux-x86_64-debian-clang

Version: 2.1-1
Check: examples
Result: NA user system elapsed impacts.gstsls 5.385 0.025 6.27 OK Flavor: r-devel-linux-x86_64-debian-gcc