Last updated on 2024-06-29 23:50:05 CEST.
Flavor | Version | Tinstall | Tcheck | Ttotal | Status | Flags |
---|---|---|---|---|---|---|
r-devel-linux-x86_64-debian-clang | 2.0 | 21.17 | 191.62 | 212.79 | OK | |
r-devel-linux-x86_64-debian-gcc | 2.0 | 19.52 | 140.22 | 159.74 | OK | |
r-devel-linux-x86_64-fedora-clang | 2.0 | 256.80 | NOTE | |||
r-devel-linux-x86_64-fedora-gcc | 2.0 | 256.75 | NOTE | |||
r-devel-windows-x86_64 | 2.0 | 20.00 | 166.00 | 186.00 | OK | |
r-patched-linux-x86_64 | 2.0 | 17.73 | 179.68 | 197.41 | OK | |
r-release-linux-x86_64 | 2.0 | 17.66 | 182.87 | 200.53 | OK | |
r-release-macos-arm64 | 2.0 | 74.00 | OK | |||
r-release-macos-x86_64 | 2.0 | 122.00 | OK | |||
r-release-windows-x86_64 | 2.0 | 18.00 | 165.00 | 183.00 | OK | |
r-oldrel-macos-arm64 | 2.0 | 88.00 | OK | |||
r-oldrel-macos-x86_64 | 2.0 | 153.00 | OK | |||
r-oldrel-windows-x86_64 | 2.0 | 25.00 | 193.00 | 218.00 | OK |
Version: 2.0
Check: dependencies in R code
Result: NOTE
Namespaces in Imports field not imported from:
‘sf’ ‘spData’
All declared Imports should be used.
Flavors: r-devel-linux-x86_64-fedora-clang, r-devel-linux-x86_64-fedora-gcc