Last updated on 2024-08-24 16:49:12 CEST.
Flavor | Version | Tinstall | Tcheck | Ttotal | Status | Flags |
---|---|---|---|---|---|---|
r-devel-linux-x86_64-debian-clang | 0.5-4 | 18.27 | 213.13 | 231.40 | NOTE | |
r-devel-linux-x86_64-debian-gcc | 0.5-4 | 12.45 | 155.92 | 168.37 | NOTE | |
r-devel-linux-x86_64-fedora-clang | 0.5-4 | 368.23 | NOTE | |||
r-devel-linux-x86_64-fedora-gcc | 0.5-4 | 369.44 | NOTE | |||
r-devel-windows-x86_64 | 0.5-4 | 19.00 | 233.00 | 252.00 | NOTE | |
r-patched-linux-x86_64 | 0.5-4 | 25.20 | 205.67 | 230.87 | NOTE | |
r-release-linux-x86_64 | 0.5-4 | 18.09 | 204.81 | 222.90 | NOTE | |
r-release-macos-arm64 | 0.5-4 | 112.00 | NOTE | |||
r-release-macos-x86_64 | 0.5-4 | 180.00 | NOTE | |||
r-release-windows-x86_64 | 0.5-4 | 21.00 | 229.00 | 250.00 | NOTE | |
r-oldrel-macos-arm64 | 0.5-4 | 105.00 | OK | |||
r-oldrel-macos-x86_64 | 0.5-4 | 276.00 | OK | |||
r-oldrel-windows-x86_64 | 0.5-4 | 25.00 | 278.00 | 303.00 | OK |
Version: 0.5-4
Check: Rd files
Result: NOTE
checkRd: (-1) australia.Rd:15: Lost braces in \itemize; meant \describe ?
checkRd: (-1) australia.Rd:16: Lost braces in \itemize; meant \describe ?
checkRd: (-1) australia.Rd:17: Lost braces in \itemize; meant \describe ?
checkRd: (-1) australia.Rd:18: Lost braces in \itemize; meant \describe ?
checkRd: (-1) australia.Rd:19: Lost braces in \itemize; meant \describe ?
Flavors: r-devel-linux-x86_64-debian-clang, r-devel-linux-x86_64-debian-gcc, r-devel-linux-x86_64-fedora-clang, r-devel-linux-x86_64-fedora-gcc, r-devel-windows-x86_64, r-patched-linux-x86_64, r-release-linux-x86_64, r-release-macos-arm64, r-release-macos-x86_64, r-release-windows-x86_64
Version: 0.5-4
Check: Rd cross-references
Result: NOTE
Found the following Rd file(s) with Rd \link{} targets missing package
anchors:
continuum_removal.Rd: baseline
Please provide package anchors for all Rd \link{} targets not in the
package itself and the base packages.
Flavors: r-devel-linux-x86_64-debian-clang, r-devel-linux-x86_64-debian-gcc, r-devel-windows-x86_64