CRAN Package Check Results for Package spec

Last updated on 2025-04-30 07:55:22 CEST.

Flavor Version Tinstall Tcheck Ttotal Status Flags
r-devel-linux-x86_64-debian-clang 0.1.9 3.08 27.43 30.51 NOTE
r-devel-linux-x86_64-debian-gcc 0.1.9 2.00 20.66 22.66 NOTE
r-devel-linux-x86_64-fedora-clang 0.1.9 46.02 OK
r-devel-linux-x86_64-fedora-gcc 0.1.9 43.49 OK
r-devel-windows-x86_64 0.1.9 5.00 57.00 62.00 OK
r-patched-linux-x86_64 0.1.9 3.34 25.76 29.10 OK
r-release-linux-x86_64 0.1.9 2.35 26.02 28.37 OK
r-release-macos-arm64 0.1.9 22.00 OK
r-release-macos-x86_64 0.1.9 41.00 OK
r-release-windows-x86_64 0.1.9 5.00 55.00 60.00 OK
r-oldrel-macos-arm64 0.1.9 18.00 OK
r-oldrel-macos-x86_64 0.1.9 30.00 OK
r-oldrel-windows-x86_64 0.1.9 5.00 55.00 60.00 OK

Check Details

Version: 0.1.9
Check: CRAN incoming feasibility
Result: NOTE Maintainer: ‘Tim Bergsma <bergsmat@gmail.com>’ No Authors@R field in DESCRIPTION. Please add one, modifying Authors@R: person(given = "Tim", family = "Bergsma", role = c("aut", "cre"), email = "bergsmat@gmail.com") as necessary. Flavors: r-devel-linux-x86_64-debian-clang, r-devel-linux-x86_64-debian-gcc