Last updated on 2024-06-29 23:50:05 CEST.
Flavor | Version | Tinstall | Tcheck | Ttotal | Status | Flags |
---|---|---|---|---|---|---|
r-devel-linux-x86_64-debian-clang | 0.1.0 | 91.07 | 82.84 | 173.91 | NOTE | |
r-devel-linux-x86_64-debian-gcc | 0.1.0 | 60.01 | 62.76 | 122.77 | NOTE | |
r-devel-linux-x86_64-fedora-clang | 0.1.0 | 244.78 | NOTE | |||
r-devel-linux-x86_64-fedora-gcc | 0.1.0 | 240.18 | NOTE | |||
r-devel-windows-x86_64 | 0.1.0 | 72.00 | 98.00 | 170.00 | NOTE | |
r-patched-linux-x86_64 | 0.1.0 | 75.76 | 78.90 | 154.66 | NOTE | |
r-release-linux-x86_64 | 0.1.0 | 77.18 | 80.00 | 157.18 | NOTE | |
r-release-macos-arm64 | 0.1.0 | 52.00 | NOTE | |||
r-release-macos-x86_64 | 0.1.0 | 68.00 | NOTE | |||
r-release-windows-x86_64 | 0.1.0 | 73.00 | 91.00 | 164.00 | NOTE | |
r-oldrel-macos-arm64 | 0.1.0 | 62.00 | NOTE | |||
r-oldrel-macos-x86_64 | 0.1.0 | 104.00 | NOTE | |||
r-oldrel-windows-x86_64 | 0.1.0 | 88.00 | 115.00 | 203.00 | NOTE |
Version: 0.1.0
Check: C++ specification
Result: NOTE
Specified C++11: please drop specification unless essential
Flavors: r-devel-linux-x86_64-debian-clang, r-devel-linux-x86_64-debian-gcc, r-devel-linux-x86_64-fedora-clang, r-devel-linux-x86_64-fedora-gcc, r-devel-windows-x86_64, r-patched-linux-x86_64, r-release-linux-x86_64, r-release-macos-arm64, r-release-macos-x86_64, r-release-windows-x86_64, r-oldrel-macos-arm64, r-oldrel-macos-x86_64, r-oldrel-windows-x86_64