CRAN Package Check Results for Package sparsediscrim

Last updated on 2025-11-02 08:48:54 CET.

Flavor Version Tinstall Tcheck Ttotal Status Flags
r-devel-linux-x86_64-debian-clang 0.3.0 9.67 82.92 92.59 NOTE
r-devel-linux-x86_64-debian-gcc 0.3.0 6.36 58.18 64.54 NOTE
r-devel-linux-x86_64-fedora-clang 0.3.0 22.00 118.57 140.57 OK
r-devel-linux-x86_64-fedora-gcc 0.3.0 18.00 109.90 127.90 OK
r-devel-windows-x86_64 0.3.0 11.00 94.00 105.00 OK
r-patched-linux-x86_64 0.3.0 10.30 77.50 87.80 OK
r-release-linux-x86_64 0.3.0 8.72 77.40 86.12 OK
r-release-macos-arm64 0.3.0 3.00 29.00 32.00 OK
r-release-macos-x86_64 0.3.0 10.00 58.00 68.00 OK
r-release-windows-x86_64 0.3.0 12.00 92.00 104.00 OK
r-oldrel-macos-arm64 0.3.0 3.00 29.00 32.00 OK
r-oldrel-macos-x86_64 0.3.0 7.00 59.00 66.00 OK
r-oldrel-windows-x86_64 0.3.0 16.00 117.00 133.00 OK

Check Details

Version: 0.3.0
Check: CRAN incoming feasibility
Result: NOTE Maintainer: ‘Max Kuhn <mxkuhn@gmail.com>’ The Description field contains classifier from Ramey et al. (2017) <arXiv:1602.01182>. Other Please refer to arXiv e-prints via their arXiv DOI <doi:10.48550/arXiv.YYMM.NNNNN>. Flavors: r-devel-linux-x86_64-debian-clang, r-devel-linux-x86_64-debian-gcc