CRAN Package Check Results for Package sparseMatEst

Last updated on 2025-05-02 20:50:54 CEST.

Flavor Version Tinstall Tcheck Ttotal Status Flags
r-devel-linux-x86_64-debian-clang 1.0.0 1.93 18.21 20.14 NOTE
r-devel-linux-x86_64-debian-gcc 1.0.0 1.55 14.98 16.53 NOTE
r-devel-linux-x86_64-fedora-clang 1.0.0 31.86 OK
r-devel-linux-x86_64-fedora-gcc 1.0.0 30.48 OK
r-devel-windows-x86_64 1.0.0 3.00 40.00 43.00 OK
r-patched-linux-x86_64 1.0.0 2.03 17.74 19.77 OK
r-release-linux-x86_64 OK
r-release-macos-arm64 1.0.0 17.00 OK
r-release-macos-x86_64 1.0.0 23.00 OK
r-release-windows-x86_64 1.0.0 4.00 45.00 49.00 OK
r-oldrel-macos-arm64 1.0.0 16.00 NOTE
r-oldrel-macos-x86_64 1.0.0 21.00 NOTE
r-oldrel-windows-x86_64 1.0.0 3.00 39.00 42.00 NOTE

Check Details

Version: 1.0.0
Check: CRAN incoming feasibility
Result: NOTE Maintainer: ‘Adam B Kashlak <kashlak@ualberta.ca>’ The Description field contains search method outlined in Kashlak and Kong (2019) <arXiv:1705.02679> and in Kashlak (2019) <arXiv:1903.10988>. Please refer to arXiv e-prints via their arXiv DOI <doi:10.48550/arXiv.YYMM.NNNNN>. Flavors: r-devel-linux-x86_64-debian-clang, r-devel-linux-x86_64-debian-gcc

Version: 1.0.0
Check: LazyData
Result: NOTE 'LazyData' is specified without a 'data' directory Flavors: r-oldrel-macos-arm64, r-oldrel-macos-x86_64, r-oldrel-windows-x86_64