CRAN Package Check Results for Package sparseLRMatrix

Last updated on 2025-04-17 09:49:25 CEST.

Flavor Version Tinstall Tcheck Ttotal Status Flags
r-devel-linux-x86_64-debian-clang 0.1.0 6.43 57.26 63.69 OK
r-devel-linux-x86_64-debian-gcc 0.1.0 4.52 42.83 47.35 OK
r-devel-linux-x86_64-fedora-clang 0.1.0 99.64 OK
r-devel-linux-x86_64-fedora-gcc 0.1.0 93.66 OK
r-devel-windows-x86_64 0.1.0 7.00 68.00 75.00 OK
r-patched-linux-x86_64 0.1.0 6.42 54.79 61.21 OK
r-release-linux-x86_64 0.1.0 5.97 55.61 61.58 OK
r-release-macos-arm64 0.1.0 33.00 OK
r-release-macos-x86_64 0.1.0 55.00 OK
r-release-windows-x86_64 0.1.0 7.00 69.00 76.00 OK
r-oldrel-macos-arm64 0.1.0 30.00 NOTE
r-oldrel-macos-x86_64 0.1.0 46.00 NOTE
r-oldrel-windows-x86_64 0.1.0 9.00 82.00 91.00 NOTE

Check Details

Version: 0.1.0
Check: LazyData
Result: NOTE 'LazyData' is specified without a 'data' directory Flavors: r-oldrel-macos-arm64, r-oldrel-macos-x86_64, r-oldrel-windows-x86_64