Last updated on 2024-07-01 00:49:56 CEST.
Flavor | Version | Tinstall | Tcheck | Ttotal | Status | Flags |
---|---|---|---|---|---|---|
r-devel-linux-x86_64-debian-clang | 1.0 | 123.04 | 346.14 | 469.18 | OK | |
r-devel-linux-x86_64-debian-gcc | 1.0 | 71.57 | 308.14 | 379.71 | OK | |
r-devel-linux-x86_64-fedora-clang | 1.0 | 608.93 | OK | |||
r-devel-linux-x86_64-fedora-gcc | 1.0 | 638.08 | OK | |||
r-devel-windows-x86_64 | 1.0 | 92.00 | 397.00 | 489.00 | OK | |
r-patched-linux-x86_64 | 1.0 | 92.11 | 343.67 | 435.78 | OK | |
r-release-linux-x86_64 | 1.0 | 95.65 | 352.11 | 447.76 | OK | |
r-release-macos-arm64 | 1.0 | 192.00 | OK | |||
r-release-macos-x86_64 | 1.0 | 306.00 | NOTE | |||
r-release-windows-x86_64 | 1.0 | 89.00 | 396.00 | 485.00 | OK | |
r-oldrel-macos-arm64 | 1.0 | 217.00 | NOTE | |||
r-oldrel-macos-x86_64 | 1.0 | 391.00 | NOTE | |||
r-oldrel-windows-x86_64 | 1.0 | 107.00 | 527.00 | 634.00 | OK |
Version: 1.0
Check: installed package size
Result: NOTE
installed size is 5.1Mb
sub-directories of 1Mb or more:
libs 4.2Mb
Flavors: r-release-macos-x86_64, r-oldrel-macos-arm64, r-oldrel-macos-x86_64