CRAN Package Check Results for Package sparktex

Last updated on 2025-04-30 07:55:22 CEST.

Flavor Version Tinstall Tcheck Ttotal Status Flags
r-devel-linux-x86_64-debian-clang 0.1 1.71 18.25 19.96 NOTE
r-devel-linux-x86_64-debian-gcc 0.1 1.38 14.71 16.09 NOTE
r-devel-linux-x86_64-fedora-clang 0.1 31.15 OK
r-devel-linux-x86_64-fedora-gcc 0.1 29.78 OK
r-devel-windows-x86_64 0.1 3.00 43.00 46.00 OK
r-patched-linux-x86_64 0.1 1.64 17.37 19.01 OK
r-release-linux-x86_64 0.1 1.63 17.43 19.06 OK
r-release-macos-arm64 0.1 15.00 OK
r-release-macos-x86_64 0.1 23.00 OK
r-release-windows-x86_64 0.1 4.00 44.00 48.00 OK
r-oldrel-macos-arm64 0.1 14.00 OK
r-oldrel-macos-x86_64 0.1 20.00 OK
r-oldrel-windows-x86_64 0.1 3.00 41.00 44.00 OK

Check Details

Version: 0.1
Check: CRAN incoming feasibility
Result: NOTE Maintainer: ‘Thomas Leeper <thosjleeper@gmail.com>’ Package CITATION file contains call(s) to old-style personList() or as.personList(). Please use c() on person objects instead. Package CITATION file contains call(s) to old-style citEntry(). Please use bibentry() instead. Flavors: r-devel-linux-x86_64-debian-clang, r-devel-linux-x86_64-debian-gcc