CRAN Package Check Results for Package spEDM

Last updated on 2025-04-29 19:50:48 CEST.

Flavor Version Tinstall Tcheck Ttotal Status Flags
r-devel-linux-x86_64-debian-clang 1.5 210.99 203.95 414.94 OK
r-devel-linux-x86_64-debian-gcc 1.5 148.24 123.83 272.07 OK
r-devel-linux-x86_64-fedora-clang 1.5 836.35 OK
r-devel-linux-x86_64-fedora-gcc 1.5 843.24 OK
r-devel-windows-x86_64 1.5 231.00 178.00 409.00 OK
r-patched-linux-x86_64 1.5 212.95 190.57 403.52 OK
r-release-linux-x86_64 1.5 210.06 193.28 403.34 OK
r-release-macos-arm64 1.5 156.00 OK
r-release-macos-x86_64 1.5 233.00 OK
r-release-windows-x86_64 1.5 233.00 185.00 418.00 OK
r-oldrel-macos-arm64 1.5 146.00 NOTE
r-oldrel-macos-x86_64 1.5 218.00 NOTE
r-oldrel-windows-x86_64 1.5 256.00 259.00 515.00 OK

Check Details

Version: 1.5
Check: installed package size
Result: NOTE installed size is 19.5Mb sub-directories of 1Mb or more: extdata 1.2Mb libs 17.9Mb Flavors: r-oldrel-macos-arm64, r-oldrel-macos-x86_64