Last updated on 2024-06-29 11:49:25 CEST.
Flavor | Version | Tinstall | Tcheck | Ttotal | Status | Flags |
---|---|---|---|---|---|---|
r-devel-linux-x86_64-debian-clang | 1.1 | 11.08 | 129.34 | 140.42 | OK | |
r-devel-linux-x86_64-debian-gcc | 1.1 | 11.92 | 96.13 | 108.05 | OK | |
r-devel-linux-x86_64-fedora-clang | 1.1 | 182.12 | NOTE | |||
r-devel-linux-x86_64-fedora-gcc | 1.1 | 177.85 | NOTE | |||
r-devel-windows-x86_64 | 1.1 | 15.00 | 108.00 | 123.00 | NOTE | |
r-patched-linux-x86_64 | 1.1 | 10.19 | 122.24 | 132.43 | OK | |
r-release-linux-x86_64 | 1.1 | 10.46 | 125.14 | 135.60 | OK | |
r-release-macos-arm64 | 1.1 | 46.00 | NOTE | |||
r-release-macos-x86_64 | 1.1 | 81.00 | NOTE | |||
r-release-windows-x86_64 | 1.1 | 14.00 | 108.00 | 122.00 | NOTE | |
r-oldrel-macos-arm64 | 1.1 | 59.00 | NOTE | |||
r-oldrel-macos-x86_64 | 1.1 | 92.00 | NOTE | |||
r-oldrel-windows-x86_64 | 1.1 | 18.00 | 132.00 | 150.00 | NOTE |
Version: 1.1
Check: installed package size
Result: NOTE
installed size is 5.7Mb
sub-directories of 1Mb or more:
data 4.1Mb
help 1.6Mb
Flavors: r-devel-linux-x86_64-fedora-clang, r-devel-windows-x86_64, r-release-macos-arm64, r-release-macos-x86_64, r-release-windows-x86_64, r-oldrel-macos-arm64, r-oldrel-macos-x86_64, r-oldrel-windows-x86_64
Version: 1.1
Check: data for non-ASCII characters
Result: NOTE
Note: found 34 marked UTF-8 strings
Flavors: r-devel-linux-x86_64-fedora-clang, r-devel-linux-x86_64-fedora-gcc