Last updated on 2024-06-29 11:49:25 CEST.
Flavor | Version | Tinstall | Tcheck | Ttotal | Status | Flags |
---|---|---|---|---|---|---|
r-devel-linux-x86_64-debian-clang | 1.1.8 | 547.51 | 93.55 | 641.06 | OK | |
r-devel-linux-x86_64-debian-gcc | 1.1.8 | 386.27 | 71.21 | 457.48 | OK | |
r-devel-linux-x86_64-fedora-clang | 1.1.8 | 900.11 | OK | |||
r-devel-linux-x86_64-fedora-gcc | 1.1.8 | 1035.96 | OK | |||
r-devel-windows-x86_64 | 1.1.8 | 411.00 | 128.00 | 539.00 | OK | |
r-patched-linux-x86_64 | 1.1.8 | 463.61 | 91.16 | 554.77 | OK | |
r-release-linux-x86_64 | 1.1.8 | 468.32 | 89.51 | 557.83 | OK | |
r-release-macos-arm64 | 1.1.8 | 162.00 | NOTE | |||
r-release-macos-x86_64 | 1.1.8 | 175.00 | NOTE | |||
r-release-windows-x86_64 | 1.1.8 | 405.00 | 125.00 | 530.00 | OK | |
r-oldrel-macos-arm64 | 1.1.8 | 179.00 | NOTE | |||
r-oldrel-macos-x86_64 | 1.1.8 | 185.00 | NOTE | |||
r-oldrel-windows-x86_64 | 1.1.8 | 486.00 | 146.00 | 632.00 | OK |
Version: 1.1.8
Check: installed package size
Result: NOTE
installed size is 22.5Mb
sub-directories of 1Mb or more:
libs 21.6Mb
Flavors: r-release-macos-arm64, r-release-macos-x86_64, r-oldrel-macos-arm64, r-oldrel-macos-x86_64