Last updated on 2024-07-22 20:55:55 CEST.
Flavor | Version | Tinstall | Tcheck | Ttotal | Status | Flags |
---|---|---|---|---|---|---|
r-devel-linux-x86_64-debian-clang | 0.1.3 | 140.59 | 304.07 | 444.66 | OK | |
r-devel-linux-x86_64-debian-gcc | 0.1.3 | 106.62 | 212.21 | 318.83 | OK | |
r-devel-linux-x86_64-fedora-clang | 0.1.3 | 562.55 | OK | |||
r-devel-linux-x86_64-fedora-gcc | 0.1.3 | 536.92 | OK | |||
r-devel-windows-x86_64 | 0.1.3 | 115.00 | 213.00 | 328.00 | OK | |
r-patched-linux-x86_64 | 0.1.3 | 113.76 | 287.21 | 400.97 | OK | |
r-release-linux-x86_64 | 0.1.3 | 117.73 | 279.95 | 397.68 | OK | |
r-release-macos-arm64 | 0.1.3 | 115.00 | NOTE | |||
r-release-macos-x86_64 | 0.1.3 | 162.00 | NOTE | |||
r-release-windows-x86_64 | 0.1.3 | 111.00 | 213.00 | 324.00 | OK | |
r-oldrel-macos-arm64 | 0.1.3 | 114.00 | NOTE | |||
r-oldrel-macos-x86_64 | 0.1.3 | 230.00 | NOTE | |||
r-oldrel-windows-x86_64 | 0.1.3 | 143.00 | 283.00 | 426.00 | OK |
Version: 0.1.3
Check: installed package size
Result: NOTE
installed size is 5.1Mb
sub-directories of 1Mb or more:
R 2.0Mb
libs 2.3Mb
Flavors: r-release-macos-arm64, r-release-macos-x86_64, r-oldrel-macos-arm64, r-oldrel-macos-x86_64