Last updated on 2025-05-05 09:49:42 CEST.
Flavor | Version | Tinstall | Tcheck | Ttotal | Status | Flags |
---|---|---|---|---|---|---|
r-devel-linux-x86_64-debian-clang | 5.0 | 28.44 | 128.91 | 157.35 | NOTE | |
r-devel-linux-x86_64-debian-gcc | 5.0 | 20.76 | 96.88 | 117.64 | NOTE | |
r-devel-linux-x86_64-fedora-clang | 5.0 | 257.69 | NOTE | |||
r-devel-linux-x86_64-fedora-gcc | 5.0 | 262.60 | NOTE | |||
r-devel-windows-x86_64 | 5.0 | 25.00 | 129.00 | 154.00 | NOTE | |
r-patched-linux-x86_64 | 5.0 | 28.94 | 123.35 | 152.29 | NOTE | |
r-release-linux-x86_64 | 5.0 | 27.33 | 124.86 | 152.19 | NOTE | |
r-release-macos-arm64 | 5.0 | 140.00 | NOTE | |||
r-release-macos-x86_64 | 5.0 | 212.00 | NOTE | |||
r-release-windows-x86_64 | 5.0 | 25.00 | 130.00 | 155.00 | NOTE | |
r-oldrel-macos-arm64 | 5.0 | 115.00 | NOTE | |||
r-oldrel-macos-x86_64 | 5.0 | 136.00 | NOTE | |||
r-oldrel-windows-x86_64 | 5.0 | 31.00 | 154.00 | 185.00 | NOTE |
Version: 5.0
Check: CRAN incoming feasibility
Result: NOTE
Maintainer: ‘Anderson Rodrigo da Silva <anderson.agro@hotmail.com>’
Package CITATION file contains call(s) to old-style personList() or
as.personList(). Please use c() on person objects instead.
Package CITATION file contains call(s) to old-style citEntry(). Please
use bibentry() instead.
Flavors: r-devel-linux-x86_64-debian-clang, r-devel-linux-x86_64-debian-gcc
Version: 5.0
Check: Rd files
Result: NOTE
checkRd: (-1) llwrPTF.Rd:7: Escaped LaTeX specials: \&
Flavors: r-devel-linux-x86_64-debian-clang, r-devel-linux-x86_64-debian-gcc, r-devel-linux-x86_64-fedora-clang, r-devel-linux-x86_64-fedora-gcc, r-devel-windows-x86_64, r-patched-linux-x86_64, r-release-linux-x86_64, r-release-macos-arm64, r-release-macos-x86_64, r-release-windows-x86_64, r-oldrel-macos-arm64, r-oldrel-macos-x86_64, r-oldrel-windows-x86_64
Version: 5.0
Check: installed package size
Result: NOTE
installed size is 5.9Mb
sub-directories of 1Mb or more:
R 4.0Mb
doc 1.1Mb
Flavors: r-oldrel-macos-arm64, r-oldrel-macos-x86_64, r-oldrel-windows-x86_64