Last updated on 2025-10-31 20:48:52 CET.
| Flavor | Version | Tinstall | Tcheck | Ttotal | Status | Flags | 
|---|---|---|---|---|---|---|
| r-devel-linux-x86_64-debian-clang | 1.1.0 | 2.36 | 27.52 | 29.88 | NOTE | |
| r-devel-linux-x86_64-debian-gcc | 1.1.0 | 1.49 | 21.57 | 23.06 | OK | |
| r-devel-linux-x86_64-fedora-clang | 1.1.0 | 43.20 | NOTE | |||
| r-devel-linux-x86_64-fedora-gcc | 1.1.0 | 40.95 | OK | |||
| r-devel-windows-x86_64 | 1.1.0 | 3.00 | 54.00 | 57.00 | OK | |
| r-patched-linux-x86_64 | 1.1.0 | 2.57 | 25.93 | 28.50 | OK | |
| r-release-linux-x86_64 | 1.1.0 | 2.32 | 26.24 | 28.56 | OK | |
| r-release-macos-arm64 | 1.1.0 | 1.00 | 20.00 | 21.00 | OK | |
| r-release-macos-x86_64 | 1.1.0 | 2.00 | 28.00 | 30.00 | OK | |
| r-release-windows-x86_64 | 1.1.0 | 3.00 | 55.00 | 58.00 | OK | |
| r-oldrel-macos-arm64 | 1.1.0 | 1.00 | 19.00 | 20.00 | OK | |
| r-oldrel-macos-x86_64 | 1.1.0 | 2.00 | 42.00 | 44.00 | OK | |
| r-oldrel-windows-x86_64 | 1.1.0 | 4.00 | 59.00 | 63.00 | OK | 
Version: 1.1.0
Check: tests
Result: NOTE
    Running ‘tests.R’ [1s/1s]
    Comparing ‘tests.Rout’ to ‘tests.Rout.save’ ...27c27
  < * : checkEqualsNumeric(sens(r = ref.array, p = pred.array, groups = ref.groups),  run in 0.126 sec ... OK                    kind msg
  ---
  >                     kind msg
Flavor: r-devel-linux-x86_64-debian-clang
Version: 1.1.0
Check: tests
Result: NOTE
    Running ‘tests.R’
    Comparing ‘tests.Rout’ to ‘tests.Rout.save’ ...27c27
  < * : checkEqualsNumeric(sens(r = ref.array, p = pred.array, groups = ref.groups),  run in 0.111 sec ... OK                    kind msg
  ---
  >                     kind msg
Flavor: r-devel-linux-x86_64-fedora-clang