CRAN Package Check Results for Package social

Last updated on 2025-04-30 13:54:30 CEST.

Flavor Version Tinstall Tcheck Ttotal Status Flags
r-devel-linux-x86_64-debian-clang 1.0 12.02 25.99 38.01 NOTE
r-devel-linux-x86_64-debian-gcc 1.0 8.36 20.96 29.32 NOTE
r-devel-linux-x86_64-fedora-clang 1.0 63.42 OK
r-devel-linux-x86_64-fedora-gcc 1.0 60.36 OK
r-devel-windows-x86_64 1.0 15.00 68.00 83.00 OK
r-patched-linux-x86_64 1.0 12.31 25.05 37.36 OK
r-release-linux-x86_64 1.0 12.14 25.49 37.63 OK
r-release-macos-arm64 1.0 22.00 OK
r-release-macos-x86_64 1.0 37.00 OK
r-release-windows-x86_64 1.0 16.00 66.00 82.00 OK
r-oldrel-macos-arm64 1.0 22.00 OK
r-oldrel-macos-x86_64 1.0 32.00 OK
r-oldrel-windows-x86_64 1.0 16.00 72.00 88.00 OK

Check Details

Version: 1.0
Check: CRAN incoming feasibility
Result: NOTE Maintainer: ‘Tom Pike <tpike@lincoln.ac.uk>’ No Authors@R field in DESCRIPTION. Please add one, modifying Authors@R: person(given = "Tom", family = "Pike", role = c("aut", "cre"), email = "tpike@lincoln.ac.uk") as necessary. Flavors: r-devel-linux-x86_64-debian-clang, r-devel-linux-x86_64-debian-gcc