Last updated on 2025-04-16 20:48:54 CEST.
Flavor | Version | Tinstall | Tcheck | Ttotal | Status | Flags |
---|---|---|---|---|---|---|
r-devel-linux-x86_64-debian-clang | 1.84-6.3 | 2.90 | 27.92 | 30.82 | OK | |
r-devel-linux-x86_64-debian-gcc | 1.84-6.3 | 2.13 | 22.82 | 24.95 | OK | |
r-devel-linux-x86_64-fedora-clang | 1.84-6.3 | 49.58 | OK | |||
r-devel-linux-x86_64-fedora-gcc | 1.84-6.3 | 60.66 | OK | |||
r-devel-windows-x86_64 | 1.84-6.3 | 4.00 | 63.00 | 67.00 | OK | |
r-patched-linux-x86_64 | 1.84-6.3 | 3.07 | 27.65 | 30.72 | OK | |
r-release-linux-x86_64 | 1.84-6.3 | 2.78 | 27.85 | 30.63 | OK | |
r-release-macos-arm64 | 1.84-6.3 | 28.00 | OK | |||
r-release-macos-x86_64 | 1.84-6.3 | 48.00 | OK | |||
r-release-windows-x86_64 | 1.84-6.3 | 4.00 | 69.00 | 73.00 | OK | |
r-oldrel-macos-arm64 | 1.84-6.3 | 36.00 | NOTE | |||
r-oldrel-macos-x86_64 | 1.84-6.3 | 39.00 | NOTE | |||
r-oldrel-windows-x86_64 | 1.84-6.3 | 4.00 | 64.00 | 68.00 | OK |
Version: 1.84-6.3
Check: package dependencies
Result: NOTE
Package suggested but not available for checking: ‘Rmpi’
Flavors: r-oldrel-macos-arm64, r-oldrel-macos-x86_64