CRAN Package Check Results for Package smof

Last updated on 2025-05-01 20:49:52 CEST.

Flavor Version Tinstall Tcheck Ttotal Status Flags
r-devel-linux-x86_64-debian-clang 1.2.2 2.54 31.89 34.43 NOTE
r-devel-linux-x86_64-debian-gcc 1.2.2 1.87 23.67 25.54 OK
r-devel-linux-x86_64-fedora-clang 1.2.2 54.27 OK
r-devel-linux-x86_64-fedora-gcc 1.2.2 51.83 OK
r-devel-windows-x86_64 1.2.2 3.00 54.00 57.00 OK
r-patched-linux-x86_64 1.2.2 2.69 30.72 33.41 OK
r-release-linux-x86_64 OK
r-release-macos-arm64 1.2.2 18.00 OK
r-release-macos-x86_64 1.2.2 33.00 OK
r-release-windows-x86_64 1.2.2 3.00 55.00 58.00 OK
r-oldrel-macos-arm64 1.2.2 25.00 OK
r-oldrel-macos-x86_64 1.2.2 60.00 OK
r-oldrel-windows-x86_64 1.2.2 4.00 57.00 61.00 OK

Check Details

Version: 1.2.2
Check: examples
Result: NOTE Examples with CPU (user + system) or elapsed time > 5s user system elapsed smof 4.73 0.104 6.014 Flavor: r-devel-linux-x86_64-debian-clang