Last updated on 2025-04-29 19:50:47 CEST.
Flavor | Version | Tinstall | Tcheck | Ttotal | Status | Flags |
---|---|---|---|---|---|---|
r-devel-linux-x86_64-debian-clang | 1.8.4 | 31.62 | 301.04 | 332.66 | NOTE | |
r-devel-linux-x86_64-debian-gcc | 1.8.4 | 22.38 | 182.68 | 205.06 | OK | |
r-devel-linux-x86_64-fedora-clang | 1.8.4 | 593.45 | OK | |||
r-devel-linux-x86_64-fedora-gcc | 1.8.4 | 612.80 | OK | |||
r-devel-windows-x86_64 | 1.8.4 | 35.00 | 334.00 | 369.00 | OK | |
r-patched-linux-x86_64 | 1.8.4 | 36.64 | 287.35 | 323.99 | OK | |
r-release-linux-x86_64 | 1.8.4 | 33.23 | 284.94 | 318.17 | OK | |
r-release-macos-arm64 | 1.8.4 | 171.00 | OK | |||
r-release-macos-x86_64 | 1.8.4 | 286.00 | OK | |||
r-release-windows-x86_64 | 1.8.4 | 39.00 | 337.00 | 376.00 | OK | |
r-oldrel-macos-arm64 | 1.8.4 | 153.00 | OK | |||
r-oldrel-macos-x86_64 | 1.8.4 | 250.00 | OK | |||
r-oldrel-windows-x86_64 | 1.8.4 | 39.00 | 338.00 | 377.00 | OK |
Version: 1.8.4
Check: examples
Result: NOTE
Examples with CPU (user + system) or elapsed time > 5s
user system elapsed
dmst.zones 5.148 0.000 5.914
mlink.zones 4.823 0.008 6.341
Flavor: r-devel-linux-x86_64-debian-clang