CRAN Package Check Results for Package slgf

Last updated on 2025-05-01 01:49:47 CEST.

Flavor Version Tinstall Tcheck Ttotal Status Flags
r-devel-linux-x86_64-debian-clang 2.0.0 3.69 32.69 36.38 NOTE
r-devel-linux-x86_64-debian-gcc 2.0.0 2.03 25.93 27.96 OK
r-devel-linux-x86_64-fedora-clang 2.0.0 59.04 OK
r-devel-linux-x86_64-fedora-gcc 2.0.0 56.90 OK
r-devel-windows-x86_64 2.0.0 5.00 58.00 63.00 OK
r-patched-linux-x86_64 2.0.0 3.73 32.50 36.23 OK
r-release-linux-x86_64 2.0.0 2.67 33.12 35.79 OK
r-release-macos-arm64 2.0.0 29.00 OK
r-release-macos-x86_64 2.0.0 45.00 OK
r-release-windows-x86_64 2.0.0 5.00 60.00 65.00 OK
r-oldrel-macos-arm64 2.0.0 26.00 NOTE
r-oldrel-macos-x86_64 2.0.0 33.00 NOTE
r-oldrel-windows-x86_64 2.0.0 5.00 62.00 67.00 OK

Check Details

Version: 2.0.0
Check: examples
Result: NOTE Examples with CPU (user + system) or elapsed time > 5s user system elapsed ms_slgf 8.133 0.042 11.843 Flavor: r-devel-linux-x86_64-debian-clang

Version: 2.0.0
Check: examples
Result: NA user system elapsed ms_slgf 6.007 0.057 7.036 OK Flavor: r-devel-linux-x86_64-debian-gcc

Version: 2.0.0
Check: package dependencies
Result: NOTE Package suggested but not available for checking: ‘captioner’ Flavors: r-oldrel-macos-arm64, r-oldrel-macos-x86_64