Last updated on 2024-06-29 11:49:24 CEST.
Flavor | Version | Tinstall | Tcheck | Ttotal | Status | Flags |
---|---|---|---|---|---|---|
r-devel-linux-x86_64-debian-clang | 1.0.3 | 139.01 | 78.23 | 217.24 | OK | |
r-devel-linux-x86_64-debian-gcc | 1.0.3 | 108.28 | 117.77 | 226.05 | OK | |
r-devel-linux-x86_64-fedora-clang | 1.0.3 | 306.00 | OK | |||
r-devel-linux-x86_64-fedora-gcc | 1.0.3 | 361.03 | OK | |||
r-devel-windows-x86_64 | 1.0.3 | 100.00 | 94.00 | 194.00 | OK | |
r-patched-linux-x86_64 | 1.0.3 | 116.08 | 109.49 | 225.57 | OK | |
r-release-linux-x86_64 | 1.0.3 | 124.54 | 103.14 | 227.68 | OK | |
r-release-macos-arm64 | 1.0.3 | 70.00 | NOTE | |||
r-release-macos-x86_64 | 1.0.3 | 92.00 | NOTE | |||
r-release-windows-x86_64 | 1.0.3 | 96.00 | 109.00 | 205.00 | OK | |
r-oldrel-macos-arm64 | 1.0.3 | 66.00 | NOTE | |||
r-oldrel-macos-x86_64 | 1.0.3 | 132.00 | NOTE | |||
r-oldrel-windows-x86_64 | 1.0.3 | 123.00 | 121.00 | 244.00 | OK |
Version: 1.0.3
Check: installed package size
Result: NOTE
installed size is 31.6Mb
sub-directories of 1Mb or more:
libs 31.2Mb
Flavors: r-release-macos-arm64, r-release-macos-x86_64, r-oldrel-macos-arm64, r-oldrel-macos-x86_64