Last updated on 2025-04-30 01:50:37 CEST.
Flavor | Version | Tinstall | Tcheck | Ttotal | Status | Flags |
---|---|---|---|---|---|---|
r-devel-linux-x86_64-debian-clang | 1.3.0 | 44.89 | 66.69 | 111.58 | NOTE | |
r-devel-linux-x86_64-debian-gcc | 1.3.0 | 32.10 | 47.10 | 79.20 | OK | |
r-devel-linux-x86_64-fedora-clang | 1.3.0 | 205.00 | OK | |||
r-devel-linux-x86_64-fedora-gcc | 1.3.0 | 185.37 | OK | |||
r-devel-windows-x86_64 | 1.3.0 | 51.00 | 116.00 | 167.00 | OK | |
r-patched-linux-x86_64 | 1.3.0 | 44.11 | 63.36 | 107.47 | OK | |
r-release-linux-x86_64 | 1.3.0 | 44.25 | 62.51 | 106.76 | OK | |
r-release-macos-arm64 | 1.3.0 | 54.00 | OK | |||
r-release-macos-x86_64 | 1.3.0 | 118.00 | OK | |||
r-release-windows-x86_64 | 1.3.0 | 49.00 | 116.00 | 165.00 | OK | |
r-oldrel-macos-arm64 | 1.3.0 | 54.00 | NOTE | |||
r-oldrel-macos-x86_64 | 1.3.0 | 83.00 | NOTE | |||
r-oldrel-windows-x86_64 | 1.3.0 | 59.00 | 131.00 | 190.00 | NOTE |
Version: 1.3.0
Check: examples
Result: NOTE
Examples with CPU (user + system) or elapsed time > 5s
user system elapsed
reorder.slcafit 7.008 0.039 8.277
Flavor: r-devel-linux-x86_64-debian-clang
Version: 1.3.0
Check: installed package size
Result: NOTE
installed size is 6.6Mb
sub-directories of 1Mb or more:
data 3.8Mb
libs 2.2Mb
Flavors: r-oldrel-macos-arm64, r-oldrel-macos-x86_64, r-oldrel-windows-x86_64