Last updated on 2025-05-02 14:50:38 CEST.
Flavor | Version | Tinstall | Tcheck | Ttotal | Status | Flags |
---|---|---|---|---|---|---|
r-devel-linux-x86_64-debian-clang | 4.0.0 | 1.65 | 23.11 | 24.76 | NOTE | |
r-devel-linux-x86_64-debian-gcc | 4.0.0 | 1.31 | 18.76 | 20.07 | NOTE | |
r-devel-linux-x86_64-fedora-clang | 4.0.0 | 37.90 | OK | |||
r-devel-linux-x86_64-fedora-gcc | 4.0.0 | 50.23 | OK | |||
r-devel-windows-x86_64 | 4.0.0 | 4.00 | 45.00 | 49.00 | OK | |
r-patched-linux-x86_64 | 4.0.0 | 1.68 | 21.32 | 23.00 | OK | |
r-release-linux-x86_64 | OK | |||||
r-release-macos-arm64 | 4.0.0 | 31.00 | OK | |||
r-release-macos-x86_64 | 4.0.0 | 41.00 | OK | |||
r-release-windows-x86_64 | 4.0.0 | 2.00 | 48.00 | 50.00 | OK | |
r-oldrel-macos-arm64 | 4.0.0 | 22.00 | NOTE | |||
r-oldrel-macos-x86_64 | 4.0.0 | 33.00 | NOTE | |||
r-oldrel-windows-x86_64 | 4.0.0 | 3.00 | 47.00 | 50.00 | NOTE |
Version: 4.0.0
Check: CRAN incoming feasibility
Result: NOTE
Maintainer: ‘Adrian Staempfli <adrian.staempfli@fhsg.ch>’
No Authors@R field in DESCRIPTION.
Please add one, modifying
Authors@R: c(person(given = "Adrian",
family = "Staempfli",
role = c("aut", "cre"),
email = "adrian.staempfli@fhsg.ch"),
person(given = "Christoph",
family = "Strauss",
role = "aut"),
person(given = "Michael",
family = "Schmid",
role = "aut"))
as necessary.
Flavors: r-devel-linux-x86_64-debian-clang, r-devel-linux-x86_64-debian-gcc
Version: 4.0.0
Check: LazyData
Result: NOTE
'LazyData' is specified without a 'data' directory
Flavors: r-oldrel-macos-arm64, r-oldrel-macos-x86_64, r-oldrel-windows-x86_64