Last updated on 2024-06-29 11:49:24 CEST.
Flavor | Version | Tinstall | Tcheck | Ttotal | Status | Flags |
---|---|---|---|---|---|---|
r-devel-linux-x86_64-debian-clang | 1.0.0 | 2.75 | 456.10 | 458.85 | NOTE | |
r-devel-linux-x86_64-debian-gcc | 1.0.0 | 2.46 | 287.08 | 289.54 | NOTE | |
r-devel-linux-x86_64-fedora-clang | 1.0.0 | 526.76 | NOTE | |||
r-devel-linux-x86_64-fedora-gcc | 1.0.0 | 512.88 | NOTE | |||
r-devel-windows-x86_64 | 1.0.0 | 3.00 | 252.00 | 255.00 | NOTE | |
r-patched-linux-x86_64 | 1.0.0 | 3.09 | 367.68 | 370.77 | NOTE | |
r-release-linux-x86_64 | 1.0.0 | 3.19 | 415.63 | 418.82 | NOTE | |
r-release-macos-arm64 | 1.0.0 | 117.00 | NOTE | |||
r-release-macos-x86_64 | 1.0.0 | 314.00 | NOTE | |||
r-release-windows-x86_64 | 1.0.0 | 3.00 | 252.00 | 255.00 | NOTE | |
r-oldrel-macos-arm64 | 1.0.0 | 121.00 | NOTE | |||
r-oldrel-macos-x86_64 | 1.0.0 | 231.00 | NOTE | |||
r-oldrel-windows-x86_64 | 1.0.0 | 4.00 | 358.00 | 362.00 | NOTE |
Version: 1.0.0
Check: package subdirectories
Result: NOTE
Problems with news in ‘NEWS.md’:
Cannot extract version info from the following section titles:
Version (Date)
Flavors: r-devel-linux-x86_64-debian-clang, r-devel-linux-x86_64-debian-gcc, r-devel-linux-x86_64-fedora-clang, r-devel-linux-x86_64-fedora-gcc, r-devel-windows-x86_64, r-patched-linux-x86_64, r-release-linux-x86_64, r-release-macos-arm64, r-release-macos-x86_64, r-release-windows-x86_64, r-oldrel-macos-arm64, r-oldrel-macos-x86_64, r-oldrel-windows-x86_64